{"id":974,"date":"2020-06-25T12:16:26","date_gmt":"2020-06-25T10:16:26","guid":{"rendered":"https:\/\/5ka.fr\/project\/patrickbaudrymirror\/?page_id=974"},"modified":"2020-06-25T12:16:53","modified_gmt":"2020-06-25T10:16:53","slug":"patrick-et-le-monde-des-enfants","status":"publish","type":"page","link":"https:\/\/5ka.fr\/project\/patrickbaudrymirror\/associations\/les-actions-pedagogiques-patrick-baudry\/patrick-et-le-monde-des-enfants\/","title":{"rendered":"Patrick et le monde des enfants"},"content":{"rendered":"<h3>R\u00eavons ensemble&#8230;<\/h3>\n<p>Les Enfants ont toujours accompagn\u00e9 ma vie. Il faut dire qu\u2019ils sont tout de m\u00eame parfois plus dr\u00f4les que beaucoup d\u2019adultes, et, souvent m\u00eame, plus imaginatifs ! Comme Antoine de Saint-Exup\u00e9ry se pla\u00eet \u00e0 le rappeler en d\u00e9dicace du \u00ab Petit Prince \u00bb, \u00ab Toutes les grandes personnes ont d\u2019abord \u00e9t\u00e9 des enfants (Mais peu d\u2019entre elles s\u2019en souviennent). \u00bb<\/p>\n<p>Alors, dans cet espace de mon site, c\u2019est \u00e0 vous que je m\u2019adresse, avant que vous ne deveniez, vous aussi, des grandes personnes. Comme vous avez beaucoup d\u2019imagination et que vous n\u2019oubliez pas de r\u00eaver beaucoup, contrairement \u00e0 certaines grandes personnes qui ont oubli\u00e9 que toutes les grandes et belles choses que nous faisons naissent de nos r\u00eaves, cet espace est enti\u00e8rement \u00e0 vous !<\/p>\n<p>Et, vous qui \u00eates des enfants qui apprenez l\u2019anglais, des enfants modernes, je vais peut-\u00eatre vous apprendre un mot nouveau ! Savez-vous ce qu\u2019est un \u00ab Thinktank \u00bb ? Un \u00ab Thinktank est un r\u00e9servoir d\u2019id\u00e9es&#8230; Comme un bocal ou une bo\u00eete dans lesquels on met plein d\u2019id\u00e9es pour en trouver un jour, des g\u00e9niales. A vous donc de m\u2019envoyer vos po\u00e8mes, vos textes, vos dessins sur la Lune, les Etoiles, le Soleil, L\u2019Univers, l\u2019Espace et, pourquoi pas m\u00eame de vrais projets spatiaux pour partir \u00e0 la conqu\u00eate de la lune ou de Mars. De toutes vos productions, il sortira peut-\u00eatre des id\u00e9es fabuleuses, j\u2019en suis convaincu. Et, toujours, en mettant vos Oeuvres sur ce site, je vous r\u00e9pondrai et vous dirai ce que j\u2019ai le plus aim\u00e9. C\u2019est promis, alors, &#8230; A vos crayons !<\/p>\n<div style=\"width: 250px; float: right;\"><!-- default-view.php -->\n<div\n\tclass=\"ngg-galleryoverview default-view \"\n\tid=\"ngg-gallery-bace730c363630e0bb242fe21505f8fc-1\">\n\n\t\t<!-- Thumbnails -->\n\t\t\t\t<div id=\"ngg-image-0\" class=\"ngg-gallery-thumbnail-box \" >\n\t\t\t\t        <div class=\"ngg-gallery-thumbnail\">\n            <a href=\"https:\/\/5ka.fr\/project\/patrickbaudrymirror\/wp-content\/gallery\/patrick-et-le-monde-des-enfants-1\/02-photo_de_manon_11_ans.jpg\"\n               title=\"\"\n               data-src=\"https:\/\/5ka.fr\/project\/patrickbaudrymirror\/wp-content\/gallery\/patrick-et-le-monde-des-enfants-1\/02-photo_de_manon_11_ans.jpg\"\n               data-thumbnail=\"https:\/\/5ka.fr\/project\/patrickbaudrymirror\/wp-content\/gallery\/patrick-et-le-monde-des-enfants-1\/thumbs\/thumbs_02-photo_de_manon_11_ans.jpg\"\n               data-image-id=\"469\"\n               data-title=\"02-photo_de_manon_11_ans\"\n               data-description=\"\"\n               data-image-slug=\"02-photo_de_manon_11_ans-1\"\n               class=\"ngg-simplelightbox\" rel=\"bace730c363630e0bb242fe21505f8fc\">\n                <img\n                    title=\"02-photo_de_manon_11_ans\"\n                    alt=\"02-photo_de_manon_11_ans\"\n                    src=\"https:\/\/5ka.fr\/project\/patrickbaudrymirror\/wp-content\/gallery\/patrick-et-le-monde-des-enfants-1\/thumbs\/thumbs_02-photo_de_manon_11_ans.jpg\"\n                    width=\"100\"\n                    height=\"75\"\n                    style=\"max-width:100%;\"\n                \/>\n            <\/a>\n        <\/div>\n\t\t\t\t\t\t\t<\/div> \n\t\t\t\n\t\t\t\t<div id=\"ngg-image-1\" class=\"ngg-gallery-thumbnail-box \" >\n\t\t\t\t        <div class=\"ngg-gallery-thumbnail\">\n            <a href=\"https:\/\/5ka.fr\/project\/patrickbaudrymirror\/wp-content\/gallery\/patrick-et-le-monde-des-enfants-1\/03-dessin_de_manon_11_ans.jpg\"\n               title=\"\"\n               data-src=\"https:\/\/5ka.fr\/project\/patrickbaudrymirror\/wp-content\/gallery\/patrick-et-le-monde-des-enfants-1\/03-dessin_de_manon_11_ans.jpg\"\n               data-thumbnail=\"https:\/\/5ka.fr\/project\/patrickbaudrymirror\/wp-content\/gallery\/patrick-et-le-monde-des-enfants-1\/thumbs\/thumbs_03-dessin_de_manon_11_ans.jpg\"\n               data-image-id=\"470\"\n               data-title=\"03-dessin_de_manon_11_ans\"\n               data-description=\"\"\n               data-image-slug=\"03-dessin_de_manon_11_ans-1\"\n               class=\"ngg-simplelightbox\" rel=\"bace730c363630e0bb242fe21505f8fc\">\n                <img\n                    title=\"03-dessin_de_manon_11_ans\"\n                    alt=\"03-dessin_de_manon_11_ans\"\n                    src=\"https:\/\/5ka.fr\/project\/patrickbaudrymirror\/wp-content\/gallery\/patrick-et-le-monde-des-enfants-1\/thumbs\/thumbs_03-dessin_de_manon_11_ans.jpg\"\n                    width=\"100\"\n                    height=\"75\"\n                    style=\"max-width:100%;\"\n                \/>\n            <\/a>\n        <\/div>\n\t\t\t\t\t\t\t<\/div> \n\t\t\t\n\t\t\t\t<div id=\"ngg-image-2\" class=\"ngg-gallery-thumbnail-box \" >\n\t\t\t\t        <div class=\"ngg-gallery-thumbnail\">\n            <a href=\"https:\/\/5ka.fr\/project\/patrickbaudrymirror\/wp-content\/gallery\/patrick-et-le-monde-des-enfants-1\/03-dessin_de_manon-2.jpg\"\n               title=\"\"\n               data-src=\"https:\/\/5ka.fr\/project\/patrickbaudrymirror\/wp-content\/gallery\/patrick-et-le-monde-des-enfants-1\/03-dessin_de_manon-2.jpg\"\n               data-thumbnail=\"https:\/\/5ka.fr\/project\/patrickbaudrymirror\/wp-content\/gallery\/patrick-et-le-monde-des-enfants-1\/thumbs\/thumbs_03-dessin_de_manon-2.jpg\"\n               data-image-id=\"471\"\n               data-title=\"03-dessin_de_manon-2\"\n               data-description=\"\"\n               data-image-slug=\"03-dessin_de_manon-2-1\"\n               class=\"ngg-simplelightbox\" rel=\"bace730c363630e0bb242fe21505f8fc\">\n                <img\n                    title=\"03-dessin_de_manon-2\"\n                    alt=\"03-dessin_de_manon-2\"\n                    src=\"https:\/\/5ka.fr\/project\/patrickbaudrymirror\/wp-content\/gallery\/patrick-et-le-monde-des-enfants-1\/thumbs\/thumbs_03-dessin_de_manon-2.jpg\"\n                    width=\"100\"\n                    height=\"75\"\n                    style=\"max-width:100%;\"\n                \/>\n            <\/a>\n        <\/div>\n\t\t\t\t\t\t\t<\/div> \n\t\t\t\n\t\n\t<br style=\"clear: both\" \/>\n\n\t\n\t\t<!-- Pagination -->\n\t<div class='ngg-clear'><\/div>\t<\/div>\n<\/div>\n<p>Bonjour Manon,<\/p>\n<p>C\u2019est Patrick !<\/p>\n<p>Dr\u00f4lement bien vu ton dessin, et sympa de penser au retour du Cosmonaute ! Elle est belle ta Terre toute bleue et lumineuse, exactement comme d\u2019en haut ! Et tes Etoiles, elles brillent tout autant tu sais. C\u2019est un beau dessin et, je dois dire que je monterais bien tout de suite dans ta fus\u00e9e pour un beau petit voyage comme celui que tu dessines l\u00e0 ! Un grand Merci aussi, car dans ta d\u00e9finition de l\u2019Espace, je retrouve ce que j\u2019aime le plus au monde : la libert\u00e9 ! Et &#8211; c\u2019est un secret &#8211; mais tu as raison, l\u00e0-bas, c\u2019est vraiment la tranquillit\u00e9 et la s\u00e9r\u00e9nit\u00e9\u2026Salut Manon, et \u00e0 bient\u00f4t !<\/p>\n","protected":false},"excerpt":{"rendered":"<p>R\u00eavons ensemble&#8230; Les Enfants ont toujours accompagn\u00e9 ma vie. Il faut dire qu\u2019ils sont tout de m\u00eame parfois plus dr\u00f4les que beaucoup d\u2019adultes, et, souvent m\u00eame, plus imaginatifs ! Comme Antoine de Saint-Exup\u00e9ry se pla\u00eet \u00e0 le rappeler en d\u00e9dicace du \u00ab Petit Prince \u00bb, \u00ab Toutes les grandes personnes ont d\u2019abord \u00e9t\u00e9 des enfants [&hellip;]<\/p>\n","protected":false},"author":1,"featured_media":0,"parent":926,"menu_order":4,"comment_status":"closed","ping_status":"closed","template":"","meta":{"ngg_post_thumbnail":0},"_links":{"self":[{"href":"https:\/\/5ka.fr\/project\/patrickbaudrymirror\/wp-json\/wp\/v2\/pages\/974"}],"collection":[{"href":"https:\/\/5ka.fr\/project\/patrickbaudrymirror\/wp-json\/wp\/v2\/pages"}],"about":[{"href":"https:\/\/5ka.fr\/project\/patrickbaudrymirror\/wp-json\/wp\/v2\/types\/page"}],"author":[{"embeddable":true,"href":"https:\/\/5ka.fr\/project\/patrickbaudrymirror\/wp-json\/wp\/v2\/users\/1"}],"replies":[{"embeddable":true,"href":"https:\/\/5ka.fr\/project\/patrickbaudrymirror\/wp-json\/wp\/v2\/comments?post=974"}],"version-history":[{"count":4,"href":"https:\/\/5ka.fr\/project\/patrickbaudrymirror\/wp-json\/wp\/v2\/pages\/974\/revisions"}],"predecessor-version":[{"id":978,"href":"https:\/\/5ka.fr\/project\/patrickbaudrymirror\/wp-json\/wp\/v2\/pages\/974\/revisions\/978"}],"up":[{"embeddable":true,"href":"https:\/\/5ka.fr\/project\/patrickbaudrymirror\/wp-json\/wp\/v2\/pages\/926"}],"wp:attachment":[{"href":"https:\/\/5ka.fr\/project\/patrickbaudrymirror\/wp-json\/wp\/v2\/media?parent=974"}],"curies":[{"name":"wp","href":"https:\/\/api.w.org\/{rel}","templated":true}]}}