{"id":97,"date":"2020-05-27T02:20:21","date_gmt":"2020-05-27T00:20:21","guid":{"rendered":"https:\/\/5ka.fr\/project\/patrickbaudrymirror\/?page_id=97"},"modified":"2020-05-27T02:20:21","modified_gmt":"2020-05-27T00:20:21","slug":"la-recherche-medicale","status":"publish","type":"page","link":"https:\/\/5ka.fr\/project\/patrickbaudrymirror\/conferencier\/themes-de-conference\/la-recherche-medicale\/","title":{"rendered":"La recherche m\u00e9dicale"},"content":{"rendered":"<h3>L&rsquo;espace et la recherche scientifique m\u00e9dicale<\/h3>\n<p>L\u2019Esp\u00e8ce humaine s\u2019est d\u00e9velopp\u00e9e sur notre plan\u00e8te Terre, ce vaisseau spatial \u2013 commun \u00e0 tous \u2013 qui nous fait voyager \u00e0 travers l\u2019Univers. Or, l\u2019univers a toujours fait r\u00eaver l\u2019Homme et l\u2019a sans cesse pouss\u00e9 \u00e0 avancer, \u00e0 d\u00e9couvrir et \u00e0 comprendre. Notre Esp\u00e8ce, qui est la seule sur Terre \u00e0 \u00eatre dot\u00e9e de la capacit\u00e9 de curiosit\u00e9, a donc soif de connaissances, et peut trouver dans l\u2019Espace, des r\u00e9ponses qu\u2019elle n\u2019a pas sur Terre.<\/p>\n<h5>Vaincre la gravit\u00e9 terrestre<\/h5>\n<p>La conqu\u00eate spatiale a d\u00e9but\u00e9 d\u00e8s que nous avons ma\u00eetris\u00e9 les techniques capables de vaincre la gravit\u00e9 terrestre. En 1961, un premier homme voyageait dans l\u2019Espace, dans un contexte de comp\u00e9tition exacerb\u00e9e entre l\u2019Est et l\u2019Ouest ! Beaucoup de questions se posaient, bien s\u00fbr, en ce qui concernait la capacit\u00e9 d\u2019un \u00eatre humain \u00e0 survivre aux conditions de l\u2019impesanteur, et les d\u00e9buts furent prudents et studieux.<\/p>\n<p>Sur le plan physique, la s\u00e9lection et l\u2019entra\u00eenement permettent aux scientifiques de s\u2019assurer que les spationautes peuvent supporter les acc\u00e9l\u00e9rations du lancement et du retour sur terre, comme l\u2019absence d\u2019acc\u00e9l\u00e9ration pendant le vol spatial proprement dit.<\/p>\n<h5>Contrer les effets de l&rsquo;impesanteur sur les corps<\/h5>\n<p>La m\u00e9decine spatiale fut donc int\u00e9gralement partie prenante de la conqu\u00eate spatiale depuis l\u2019origine. C\u2019est cette m\u00e9decine proche des spationautes et enti\u00e8rement d\u00e9di\u00e9e \u00e0 leur s\u00e9lection, \u00e0 leur pr\u00e9paration et \u00e0 leur entra\u00eenement \u00e0 bord des vaisseaux spatiaux qui a permis de conna\u00eetre, de comprendre et de ma\u00eetriser les contraintes physiques et physiologiques li\u00e9es \u00e0 des vols aux dur\u00e9es de plus en plus importantes, certains ayant parfois m\u00eame d\u00e9pass\u00e9 un an dans l\u2019Espace.<\/p>\n<h5>Domaines de comp\u00e9tences de la recherche<\/h5>\n<p>Les effets les plus significatifs d\u2019un vol spatial sont :<\/p>\n<ul>\n<li>Une redistribution des fluides et notamment de la masse sanguine (contrainte sur l\u2019ensemble du syst\u00e8me cardiovasculaire)<\/li>\n<li>Une atrophie du syst\u00e8me musculaire (perte de tonicit\u00e9)<\/li>\n<li>Un changement de strat\u00e9gie du syst\u00e8me neuro-sensoriel (coordination, \u00e9quilibre)<\/li>\n<li>Une d\u00e9calcification osseuse (fragilisation du squelette)<\/li>\n<\/ul>\n<p>Un ensemble de contre-mesures a donc \u00e9t\u00e9 mis au point, par les russes notamment, au cours des vols de longue dur\u00e9e effectu\u00e9s sur les diff\u00e9rentes station spatiales op\u00e9rationnelles au cours des 30 derni\u00e8res ann\u00e9es.<\/p>\n<h5>La recherche psychologique : un \u00e9l\u00e9ment cl\u00e9 de la connaissance de l&rsquo;humain<\/h5>\n<p>Sur le plan psychologique, l\u00e0 encore, la s\u00e9lection joue bien s\u00fbr un grand r\u00f4le, ainsi que la pr\u00e9paration. Mais le niveau tr\u00e8s important de MOTIVATION des astronautes est sans doute le facteur essentiel de la r\u00e9ussite d\u2019une mission.<\/p>\n<p>Quelques fonctions humaines sont fortement influenc\u00e9es par les conditions de vie dans l\u2019Espace. Et \u00e0 ce titre, il est int\u00e9ressant de voir comment l\u2019Homme, en apesanteur g\u00e8re ces nouvelles habitudes de vie :<\/p>\n<ul>\n<li>Le sommeil qui difficile et non rythm\u00e9 comme sur Terre<\/li>\n<li>La relation des astronautes avec le Temps qui n\u2019est pas le m\u00eame que sur Terre (16 levers et couchers de soleil par 24 heures)<\/li>\n<li>La cohabitation dans un Espace restreint et confin\u00e9, sans possibilit\u00e9 de changer d\u2019Espace<\/li>\n<li>Le fait de voler et non de marcher<\/li>\n<li>Etre terrien, mais dans l\u2019Espace<\/li>\n<\/ul>\n<h5>L&rsquo;espace \u00e0 disposition<\/h5>\n<p>Sur le plan de la recherche m\u00e9dicale, les vols spatiaux ont apport\u00e9 des conditions d\u2019exp\u00e9rience qui ont surtout \u00e9t\u00e9 utilis\u00e9es en physiologie neuro-sensorielle. Et, si l\u2019on ne peut justifier en aucun cas les vols spatiaux par leur seul apport en seule recherche m\u00e9dicale, il est vital d\u2019utiliser au mieux les vols existants pour travailler \u00e0 cette recherche qui peut encore nous apprendre beaucoup de choses sur le fonctionnement du corps humain. Une microgravit\u00e9 d\u2019excellente qualit\u00e9 et non limit\u00e9e dans le temps ne peut s\u2019obtenir qu\u2019en orbite dans l\u2019espace.<\/p>\n","protected":false},"excerpt":{"rendered":"<p>L&rsquo;espace et la recherche scientifique m\u00e9dicale L\u2019Esp\u00e8ce humaine s\u2019est d\u00e9velopp\u00e9e sur notre plan\u00e8te Terre, ce vaisseau spatial \u2013 commun \u00e0 tous \u2013 qui nous fait voyager \u00e0 travers l\u2019Univers. Or, l\u2019univers a toujours fait r\u00eaver l\u2019Homme et l\u2019a sans cesse pouss\u00e9 \u00e0 avancer, \u00e0 d\u00e9couvrir et \u00e0 comprendre. Notre Esp\u00e8ce, qui est la seule sur [&hellip;]<\/p>\n","protected":false},"author":1,"featured_media":0,"parent":20,"menu_order":6,"comment_status":"closed","ping_status":"closed","template":"","meta":{"ngg_post_thumbnail":0},"_links":{"self":[{"href":"https:\/\/5ka.fr\/project\/patrickbaudrymirror\/wp-json\/wp\/v2\/pages\/97"}],"collection":[{"href":"https:\/\/5ka.fr\/project\/patrickbaudrymirror\/wp-json\/wp\/v2\/pages"}],"about":[{"href":"https:\/\/5ka.fr\/project\/patrickbaudrymirror\/wp-json\/wp\/v2\/types\/page"}],"author":[{"embeddable":true,"href":"https:\/\/5ka.fr\/project\/patrickbaudrymirror\/wp-json\/wp\/v2\/users\/1"}],"replies":[{"embeddable":true,"href":"https:\/\/5ka.fr\/project\/patrickbaudrymirror\/wp-json\/wp\/v2\/comments?post=97"}],"version-history":[{"count":2,"href":"https:\/\/5ka.fr\/project\/patrickbaudrymirror\/wp-json\/wp\/v2\/pages\/97\/revisions"}],"predecessor-version":[{"id":99,"href":"https:\/\/5ka.fr\/project\/patrickbaudrymirror\/wp-json\/wp\/v2\/pages\/97\/revisions\/99"}],"up":[{"embeddable":true,"href":"https:\/\/5ka.fr\/project\/patrickbaudrymirror\/wp-json\/wp\/v2\/pages\/20"}],"wp:attachment":[{"href":"https:\/\/5ka.fr\/project\/patrickbaudrymirror\/wp-json\/wp\/v2\/media?parent=97"}],"curies":[{"name":"wp","href":"https:\/\/api.w.org\/{rel}","templated":true}]}}