{"id":955,"date":"2020-06-19T03:45:49","date_gmt":"2020-06-19T01:45:49","guid":{"rendered":"https:\/\/5ka.fr\/project\/patrickbaudrymirror\/?page_id=955"},"modified":"2020-06-25T12:10:53","modified_gmt":"2020-06-25T10:10:53","slug":"le-college-patrick-baudry-a-nouatre","status":"publish","type":"page","link":"https:\/\/5ka.fr\/project\/patrickbaudrymirror\/associations\/les-actions-pedagogiques-patrick-baudry\/le-college-patrick-baudry-a-nouatre\/","title":{"rendered":"Le Coll\u00e8ge PATRICK BAUDRY \u00e0 NOU\u00c2TRE"},"content":{"rendered":"<p>En Novembre 2010, Patrick et St\u00e9phanie Baudry ont mobilis\u00e9 toute leur \u00e9nergie pour emp\u00eacher la fermeture non justifi\u00e9e du Coll\u00e8ge PATRICK BAUDRY de NOU\u00c2TRE, inaugur\u00e9 une dizaine d\u2019ann\u00e9es plus t\u00f4t.<br \/>\n<a style=\"display: inline; float: left;\" href=\"https:\/\/5ka.fr\/project\/patrickbaudrymirror\/wp-content\/uploads\/2020\/06\/Coll\u00e8ge-Patrick-Baudry.jpg\"><img loading=\"lazy\" class=\"alignleft size-medium wp-image-960\" src=\"https:\/\/5ka.fr\/project\/patrickbaudrymirror\/wp-content\/uploads\/2020\/06\/Coll\u00e8ge-Patrick-Baudry-300x224.jpg\" alt=\"\" width=\"295\" height=\"220\" srcset=\"https:\/\/5ka.fr\/project\/patrickbaudrymirror\/wp-content\/uploads\/2020\/06\/Coll\u00e8ge-Patrick-Baudry-300x224.jpg 300w, https:\/\/5ka.fr\/project\/patrickbaudrymirror\/wp-content\/uploads\/2020\/06\/Coll\u00e8ge-Patrick-Baudry.jpg 600w\" sizes=\"(max-width: 295px) 100vw, 295px\" \/><\/a><a style=\"display: inline; float: left;\" href=\"https:\/\/5ka.fr\/project\/patrickbaudrymirror\/wp-content\/uploads\/2020\/06\/Coll\u00e8ge-PB.jpg\"><img loading=\"lazy\" class=\"alignleft size-medium wp-image-959\" src=\"https:\/\/5ka.fr\/project\/patrickbaudrymirror\/wp-content\/uploads\/2020\/06\/Coll\u00e8ge-PB-300x181.jpg\" alt=\"\" width=\"295\" height=\"178\" srcset=\"https:\/\/5ka.fr\/project\/patrickbaudrymirror\/wp-content\/uploads\/2020\/06\/Coll\u00e8ge-PB-300x181.jpg 300w, https:\/\/5ka.fr\/project\/patrickbaudrymirror\/wp-content\/uploads\/2020\/06\/Coll\u00e8ge-PB-1024x616.jpg 1024w, https:\/\/5ka.fr\/project\/patrickbaudrymirror\/wp-content\/uploads\/2020\/06\/Coll\u00e8ge-PB-768x462.jpg 768w, https:\/\/5ka.fr\/project\/patrickbaudrymirror\/wp-content\/uploads\/2020\/06\/Coll\u00e8ge-PB-1536x924.jpg 1536w, https:\/\/5ka.fr\/project\/patrickbaudrymirror\/wp-content\/uploads\/2020\/06\/Coll\u00e8ge-PB.jpg 1685w\" sizes=\"(max-width: 295px) 100vw, 295px\" \/><\/a><\/p>\n<p>&nbsp;<br \/>\n&nbsp;<\/p>\n<p>Tous les \u00e9l\u00e8ves du coll\u00e8ge \u00e9taient \u00e0 la f\u00eate et ont pu assister \u00e0 la projection d\u2019un film du vol spatial de Patrick Baudry et \u00e0 une de ses conf\u00e9rence<\/p>\n<p>Retrouvez Nou\u00e2tre sur : <a href=\"http:\/\/www.nouatre.com\">www.nouatre.com<\/a><br \/>\n<!-- default-view.php -->\n<div\n\tclass=\"ngg-galleryoverview default-view \"\n\tid=\"ngg-gallery-34d74137a1a52451138d16a646cf624b-1\">\n\n\t\t<!-- Thumbnails -->\n\t\t\t\t<div id=\"ngg-image-0\" class=\"ngg-gallery-thumbnail-box \" >\n\t\t\t\t        <div class=\"ngg-gallery-thumbnail\">\n            <a href=\"https:\/\/5ka.fr\/project\/patrickbaudrymirror\/wp-content\/gallery\/le-college-patrick-baudry-a-nouatre\/collegenouatre5.jpg\"\n               title=\"\"\n               data-src=\"https:\/\/5ka.fr\/project\/patrickbaudrymirror\/wp-content\/gallery\/le-college-patrick-baudry-a-nouatre\/collegenouatre5.jpg\"\n               data-thumbnail=\"https:\/\/5ka.fr\/project\/patrickbaudrymirror\/wp-content\/gallery\/le-college-patrick-baudry-a-nouatre\/thumbs\/thumbs_collegenouatre5.jpg\"\n               data-image-id=\"457\"\n               data-title=\"collegenouatre5\"\n               data-description=\"\"\n               data-image-slug=\"collegenouatre5-1\"\n               class=\"ngg-simplelightbox\" rel=\"34d74137a1a52451138d16a646cf624b\">\n                <img\n                    title=\"collegenouatre5\"\n                    alt=\"collegenouatre5\"\n                    src=\"https:\/\/5ka.fr\/project\/patrickbaudrymirror\/wp-content\/gallery\/le-college-patrick-baudry-a-nouatre\/thumbs\/thumbs_collegenouatre5.jpg\"\n                    width=\"100\"\n                    height=\"75\"\n                    style=\"max-width:100%;\"\n                \/>\n            <\/a>\n        <\/div>\n\t\t\t\t\t\t\t<\/div> \n\t\t\t\n\t\t\t\t<div id=\"ngg-image-1\" class=\"ngg-gallery-thumbnail-box \" >\n\t\t\t\t        <div class=\"ngg-gallery-thumbnail\">\n            <a href=\"https:\/\/5ka.fr\/project\/patrickbaudrymirror\/wp-content\/gallery\/le-college-patrick-baudry-a-nouatre\/college-pb1.jpg\"\n               title=\"\"\n               data-src=\"https:\/\/5ka.fr\/project\/patrickbaudrymirror\/wp-content\/gallery\/le-college-patrick-baudry-a-nouatre\/college-pb1.jpg\"\n               data-thumbnail=\"https:\/\/5ka.fr\/project\/patrickbaudrymirror\/wp-content\/gallery\/le-college-patrick-baudry-a-nouatre\/thumbs\/thumbs_college-pb1.jpg\"\n               data-image-id=\"458\"\n               data-title=\"college-pb1\"\n               data-description=\"\"\n               data-image-slug=\"college-pb1-1\"\n               class=\"ngg-simplelightbox\" rel=\"34d74137a1a52451138d16a646cf624b\">\n                <img\n                    title=\"college-pb1\"\n                    alt=\"college-pb1\"\n                    src=\"https:\/\/5ka.fr\/project\/patrickbaudrymirror\/wp-content\/gallery\/le-college-patrick-baudry-a-nouatre\/thumbs\/thumbs_college-pb1.jpg\"\n                    width=\"100\"\n                    height=\"75\"\n                    style=\"max-width:100%;\"\n                \/>\n            <\/a>\n        <\/div>\n\t\t\t\t\t\t\t<\/div> \n\t\t\t\n\t\t\t\t<div id=\"ngg-image-2\" class=\"ngg-gallery-thumbnail-box \" >\n\t\t\t\t        <div class=\"ngg-gallery-thumbnail\">\n            <a href=\"https:\/\/5ka.fr\/project\/patrickbaudrymirror\/wp-content\/gallery\/le-college-patrick-baudry-a-nouatre\/college-pb4.jpg\"\n               title=\"\"\n               data-src=\"https:\/\/5ka.fr\/project\/patrickbaudrymirror\/wp-content\/gallery\/le-college-patrick-baudry-a-nouatre\/college-pb4.jpg\"\n               data-thumbnail=\"https:\/\/5ka.fr\/project\/patrickbaudrymirror\/wp-content\/gallery\/le-college-patrick-baudry-a-nouatre\/thumbs\/thumbs_college-pb4.jpg\"\n               data-image-id=\"459\"\n               data-title=\"college-pb4\"\n               data-description=\"\"\n               data-image-slug=\"college-pb4-1\"\n               class=\"ngg-simplelightbox\" rel=\"34d74137a1a52451138d16a646cf624b\">\n                <img\n                    title=\"college-pb4\"\n                    alt=\"college-pb4\"\n                    src=\"https:\/\/5ka.fr\/project\/patrickbaudrymirror\/wp-content\/gallery\/le-college-patrick-baudry-a-nouatre\/thumbs\/thumbs_college-pb4.jpg\"\n                    width=\"100\"\n                    height=\"75\"\n                    style=\"max-width:100%;\"\n                \/>\n            <\/a>\n        <\/div>\n\t\t\t\t\t\t\t<\/div> \n\t\t\t\n\t\t\t\t<div id=\"ngg-image-3\" class=\"ngg-gallery-thumbnail-box \" >\n\t\t\t\t        <div class=\"ngg-gallery-thumbnail\">\n            <a href=\"https:\/\/5ka.fr\/project\/patrickbaudrymirror\/wp-content\/gallery\/le-college-patrick-baudry-a-nouatre\/college-pb5.jpg\"\n               title=\"\"\n               data-src=\"https:\/\/5ka.fr\/project\/patrickbaudrymirror\/wp-content\/gallery\/le-college-patrick-baudry-a-nouatre\/college-pb5.jpg\"\n               data-thumbnail=\"https:\/\/5ka.fr\/project\/patrickbaudrymirror\/wp-content\/gallery\/le-college-patrick-baudry-a-nouatre\/thumbs\/thumbs_college-pb5.jpg\"\n               data-image-id=\"460\"\n               data-title=\"college-pb5\"\n               data-description=\"\"\n               data-image-slug=\"college-pb5-1\"\n               class=\"ngg-simplelightbox\" rel=\"34d74137a1a52451138d16a646cf624b\">\n                <img\n                    title=\"college-pb5\"\n                    alt=\"college-pb5\"\n                    src=\"https:\/\/5ka.fr\/project\/patrickbaudrymirror\/wp-content\/gallery\/le-college-patrick-baudry-a-nouatre\/thumbs\/thumbs_college-pb5.jpg\"\n                    width=\"100\"\n                    height=\"75\"\n                    style=\"max-width:100%;\"\n                \/>\n            <\/a>\n        <\/div>\n\t\t\t\t\t\t\t<\/div> \n\t\t\t\n\t\t\t\t<div id=\"ngg-image-4\" class=\"ngg-gallery-thumbnail-box \" >\n\t\t\t\t        <div class=\"ngg-gallery-thumbnail\">\n            <a href=\"https:\/\/5ka.fr\/project\/patrickbaudrymirror\/wp-content\/gallery\/le-college-patrick-baudry-a-nouatre\/group-scol11.jpg\"\n               title=\"\"\n               data-src=\"https:\/\/5ka.fr\/project\/patrickbaudrymirror\/wp-content\/gallery\/le-college-patrick-baudry-a-nouatre\/group-scol11.jpg\"\n               data-thumbnail=\"https:\/\/5ka.fr\/project\/patrickbaudrymirror\/wp-content\/gallery\/le-college-patrick-baudry-a-nouatre\/thumbs\/thumbs_group-scol11.jpg\"\n               data-image-id=\"461\"\n               data-title=\"group-scol11\"\n               data-description=\"\"\n               data-image-slug=\"group-scol11-1\"\n               class=\"ngg-simplelightbox\" rel=\"34d74137a1a52451138d16a646cf624b\">\n                <img\n                    title=\"group-scol11\"\n                    alt=\"group-scol11\"\n                    src=\"https:\/\/5ka.fr\/project\/patrickbaudrymirror\/wp-content\/gallery\/le-college-patrick-baudry-a-nouatre\/thumbs\/thumbs_group-scol11.jpg\"\n                    width=\"100\"\n                    height=\"75\"\n                    style=\"max-width:100%;\"\n                \/>\n            <\/a>\n        <\/div>\n\t\t\t\t\t\t\t<\/div> \n\t\t\t\n\t\t\t\t<div id=\"ngg-image-5\" class=\"ngg-gallery-thumbnail-box \" >\n\t\t\t\t        <div class=\"ngg-gallery-thumbnail\">\n            <a href=\"https:\/\/5ka.fr\/project\/patrickbaudrymirror\/wp-content\/gallery\/le-college-patrick-baudry-a-nouatre\/group-scol12.jpg\"\n               title=\"\"\n               data-src=\"https:\/\/5ka.fr\/project\/patrickbaudrymirror\/wp-content\/gallery\/le-college-patrick-baudry-a-nouatre\/group-scol12.jpg\"\n               data-thumbnail=\"https:\/\/5ka.fr\/project\/patrickbaudrymirror\/wp-content\/gallery\/le-college-patrick-baudry-a-nouatre\/thumbs\/thumbs_group-scol12.jpg\"\n               data-image-id=\"462\"\n               data-title=\"group-scol12\"\n               data-description=\"\"\n               data-image-slug=\"group-scol12-1\"\n               class=\"ngg-simplelightbox\" rel=\"34d74137a1a52451138d16a646cf624b\">\n                <img\n                    title=\"group-scol12\"\n                    alt=\"group-scol12\"\n                    src=\"https:\/\/5ka.fr\/project\/patrickbaudrymirror\/wp-content\/gallery\/le-college-patrick-baudry-a-nouatre\/thumbs\/thumbs_group-scol12.jpg\"\n                    width=\"100\"\n                    height=\"75\"\n                    style=\"max-width:100%;\"\n                \/>\n            <\/a>\n        <\/div>\n\t\t\t\t\t\t\t<\/div> \n\t\t\t\n\t\t\t\t<div id=\"ngg-image-6\" class=\"ngg-gallery-thumbnail-box \" >\n\t\t\t\t        <div class=\"ngg-gallery-thumbnail\">\n            <a href=\"https:\/\/5ka.fr\/project\/patrickbaudrymirror\/wp-content\/gallery\/le-college-patrick-baudry-a-nouatre\/group-scol13.jpg\"\n               title=\"\"\n               data-src=\"https:\/\/5ka.fr\/project\/patrickbaudrymirror\/wp-content\/gallery\/le-college-patrick-baudry-a-nouatre\/group-scol13.jpg\"\n               data-thumbnail=\"https:\/\/5ka.fr\/project\/patrickbaudrymirror\/wp-content\/gallery\/le-college-patrick-baudry-a-nouatre\/thumbs\/thumbs_group-scol13.jpg\"\n               data-image-id=\"463\"\n               data-title=\"group-scol13\"\n               data-description=\"\"\n               data-image-slug=\"group-scol13-1\"\n               class=\"ngg-simplelightbox\" rel=\"34d74137a1a52451138d16a646cf624b\">\n                <img\n                    title=\"group-scol13\"\n                    alt=\"group-scol13\"\n                    src=\"https:\/\/5ka.fr\/project\/patrickbaudrymirror\/wp-content\/gallery\/le-college-patrick-baudry-a-nouatre\/thumbs\/thumbs_group-scol13.jpg\"\n                    width=\"100\"\n                    height=\"75\"\n                    style=\"max-width:100%;\"\n                \/>\n            <\/a>\n        <\/div>\n\t\t\t\t\t\t\t<\/div> \n\t\t\t\n\t\t\t\t<div id=\"ngg-image-7\" class=\"ngg-gallery-thumbnail-box \" >\n\t\t\t\t        <div class=\"ngg-gallery-thumbnail\">\n            <a href=\"https:\/\/5ka.fr\/project\/patrickbaudrymirror\/wp-content\/gallery\/le-college-patrick-baudry-a-nouatre\/group-scol14.jpg\"\n               title=\"\"\n               data-src=\"https:\/\/5ka.fr\/project\/patrickbaudrymirror\/wp-content\/gallery\/le-college-patrick-baudry-a-nouatre\/group-scol14.jpg\"\n               data-thumbnail=\"https:\/\/5ka.fr\/project\/patrickbaudrymirror\/wp-content\/gallery\/le-college-patrick-baudry-a-nouatre\/thumbs\/thumbs_group-scol14.jpg\"\n               data-image-id=\"464\"\n               data-title=\"group-scol14\"\n               data-description=\"\"\n               data-image-slug=\"group-scol14-1\"\n               class=\"ngg-simplelightbox\" rel=\"34d74137a1a52451138d16a646cf624b\">\n                <img\n                    title=\"group-scol14\"\n                    alt=\"group-scol14\"\n                    src=\"https:\/\/5ka.fr\/project\/patrickbaudrymirror\/wp-content\/gallery\/le-college-patrick-baudry-a-nouatre\/thumbs\/thumbs_group-scol14.jpg\"\n                    width=\"100\"\n                    height=\"75\"\n                    style=\"max-width:100%;\"\n                \/>\n            <\/a>\n        <\/div>\n\t\t\t\t\t\t\t<\/div> \n\t\t\t\n\t\t\t\t<div id=\"ngg-image-8\" class=\"ngg-gallery-thumbnail-box \" >\n\t\t\t\t        <div class=\"ngg-gallery-thumbnail\">\n            <a href=\"https:\/\/5ka.fr\/project\/patrickbaudrymirror\/wp-content\/gallery\/le-college-patrick-baudry-a-nouatre\/group-scol15.jpg\"\n               title=\"\"\n               data-src=\"https:\/\/5ka.fr\/project\/patrickbaudrymirror\/wp-content\/gallery\/le-college-patrick-baudry-a-nouatre\/group-scol15.jpg\"\n               data-thumbnail=\"https:\/\/5ka.fr\/project\/patrickbaudrymirror\/wp-content\/gallery\/le-college-patrick-baudry-a-nouatre\/thumbs\/thumbs_group-scol15.jpg\"\n               data-image-id=\"465\"\n               data-title=\"group-scol15\"\n               data-description=\"\"\n               data-image-slug=\"group-scol15-1\"\n               class=\"ngg-simplelightbox\" rel=\"34d74137a1a52451138d16a646cf624b\">\n                <img\n                    title=\"group-scol15\"\n                    alt=\"group-scol15\"\n                    src=\"https:\/\/5ka.fr\/project\/patrickbaudrymirror\/wp-content\/gallery\/le-college-patrick-baudry-a-nouatre\/thumbs\/thumbs_group-scol15.jpg\"\n                    width=\"100\"\n                    height=\"75\"\n                    style=\"max-width:100%;\"\n                \/>\n            <\/a>\n        <\/div>\n\t\t\t\t\t\t\t<\/div> \n\t\t\t\n\t\t\t\t<div id=\"ngg-image-9\" class=\"ngg-gallery-thumbnail-box \" >\n\t\t\t\t        <div class=\"ngg-gallery-thumbnail\">\n            <a href=\"https:\/\/5ka.fr\/project\/patrickbaudrymirror\/wp-content\/gallery\/le-college-patrick-baudry-a-nouatre\/nouatre01.jpg\"\n               title=\"\"\n               data-src=\"https:\/\/5ka.fr\/project\/patrickbaudrymirror\/wp-content\/gallery\/le-college-patrick-baudry-a-nouatre\/nouatre01.jpg\"\n               data-thumbnail=\"https:\/\/5ka.fr\/project\/patrickbaudrymirror\/wp-content\/gallery\/le-college-patrick-baudry-a-nouatre\/thumbs\/thumbs_nouatre01.jpg\"\n               data-image-id=\"466\"\n               data-title=\"nouatre01\"\n               data-description=\"\"\n               data-image-slug=\"nouatre01-1\"\n               class=\"ngg-simplelightbox\" rel=\"34d74137a1a52451138d16a646cf624b\">\n                <img\n                    title=\"nouatre01\"\n                    alt=\"nouatre01\"\n                    src=\"https:\/\/5ka.fr\/project\/patrickbaudrymirror\/wp-content\/gallery\/le-college-patrick-baudry-a-nouatre\/thumbs\/thumbs_nouatre01.jpg\"\n                    width=\"100\"\n                    height=\"75\"\n                    style=\"max-width:100%;\"\n                \/>\n            <\/a>\n        <\/div>\n\t\t\t\t\t\t\t<\/div> \n\t\t\t\n\t\t\t\t<div id=\"ngg-image-10\" class=\"ngg-gallery-thumbnail-box \" >\n\t\t\t\t        <div class=\"ngg-gallery-thumbnail\">\n            <a href=\"https:\/\/5ka.fr\/project\/patrickbaudrymirror\/wp-content\/gallery\/le-college-patrick-baudry-a-nouatre\/nouatre2.jpg\"\n               title=\"\"\n               data-src=\"https:\/\/5ka.fr\/project\/patrickbaudrymirror\/wp-content\/gallery\/le-college-patrick-baudry-a-nouatre\/nouatre2.jpg\"\n               data-thumbnail=\"https:\/\/5ka.fr\/project\/patrickbaudrymirror\/wp-content\/gallery\/le-college-patrick-baudry-a-nouatre\/thumbs\/thumbs_nouatre2.jpg\"\n               data-image-id=\"467\"\n               data-title=\"nouatre2\"\n               data-description=\"\"\n               data-image-slug=\"nouatre2-1\"\n               class=\"ngg-simplelightbox\" rel=\"34d74137a1a52451138d16a646cf624b\">\n                <img\n                    title=\"nouatre2\"\n                    alt=\"nouatre2\"\n                    src=\"https:\/\/5ka.fr\/project\/patrickbaudrymirror\/wp-content\/gallery\/le-college-patrick-baudry-a-nouatre\/thumbs\/thumbs_nouatre2.jpg\"\n                    width=\"100\"\n                    height=\"75\"\n                    style=\"max-width:100%;\"\n                \/>\n            <\/a>\n        <\/div>\n\t\t\t\t\t\t\t<\/div> \n\t\t\t\n\t\t\t\t<div id=\"ngg-image-11\" class=\"ngg-gallery-thumbnail-box \" >\n\t\t\t\t        <div class=\"ngg-gallery-thumbnail\">\n            <a href=\"https:\/\/5ka.fr\/project\/patrickbaudrymirror\/wp-content\/gallery\/le-college-patrick-baudry-a-nouatre\/nouatre3.jpg\"\n               title=\"\"\n               data-src=\"https:\/\/5ka.fr\/project\/patrickbaudrymirror\/wp-content\/gallery\/le-college-patrick-baudry-a-nouatre\/nouatre3.jpg\"\n               data-thumbnail=\"https:\/\/5ka.fr\/project\/patrickbaudrymirror\/wp-content\/gallery\/le-college-patrick-baudry-a-nouatre\/thumbs\/thumbs_nouatre3.jpg\"\n               data-image-id=\"468\"\n               data-title=\"nouatre3\"\n               data-description=\"\"\n               data-image-slug=\"nouatre3-1\"\n               class=\"ngg-simplelightbox\" rel=\"34d74137a1a52451138d16a646cf624b\">\n                <img\n                    title=\"nouatre3\"\n                    alt=\"nouatre3\"\n                    src=\"https:\/\/5ka.fr\/project\/patrickbaudrymirror\/wp-content\/gallery\/le-college-patrick-baudry-a-nouatre\/thumbs\/thumbs_nouatre3.jpg\"\n                    width=\"100\"\n                    height=\"75\"\n                    style=\"max-width:100%;\"\n                \/>\n            <\/a>\n        <\/div>\n\t\t\t\t\t\t\t<\/div> \n\t\t\t\n\t\n\t<br style=\"clear: both\" \/>\n\n\t\n\t\t<!-- Pagination -->\n\t<div class='ngg-clear'><\/div>\t<\/div>\n<\/p>\n","protected":false},"excerpt":{"rendered":"<p>En Novembre 2010, Patrick et St\u00e9phanie Baudry ont mobilis\u00e9 toute leur \u00e9nergie pour emp\u00eacher la fermeture non justifi\u00e9e du Coll\u00e8ge PATRICK BAUDRY de NOU\u00c2TRE, inaugur\u00e9 une dizaine d\u2019ann\u00e9es plus t\u00f4t. &nbsp; &nbsp; Tous les \u00e9l\u00e8ves du coll\u00e8ge \u00e9taient \u00e0 la f\u00eate et ont pu assister \u00e0 la projection d\u2019un film du vol spatial de Patrick [&hellip;]<\/p>\n","protected":false},"author":1,"featured_media":0,"parent":926,"menu_order":3,"comment_status":"closed","ping_status":"closed","template":"","meta":{"ngg_post_thumbnail":0},"_links":{"self":[{"href":"https:\/\/5ka.fr\/project\/patrickbaudrymirror\/wp-json\/wp\/v2\/pages\/955"}],"collection":[{"href":"https:\/\/5ka.fr\/project\/patrickbaudrymirror\/wp-json\/wp\/v2\/pages"}],"about":[{"href":"https:\/\/5ka.fr\/project\/patrickbaudrymirror\/wp-json\/wp\/v2\/types\/page"}],"author":[{"embeddable":true,"href":"https:\/\/5ka.fr\/project\/patrickbaudrymirror\/wp-json\/wp\/v2\/users\/1"}],"replies":[{"embeddable":true,"href":"https:\/\/5ka.fr\/project\/patrickbaudrymirror\/wp-json\/wp\/v2\/comments?post=955"}],"version-history":[{"count":7,"href":"https:\/\/5ka.fr\/project\/patrickbaudrymirror\/wp-json\/wp\/v2\/pages\/955\/revisions"}],"predecessor-version":[{"id":966,"href":"https:\/\/5ka.fr\/project\/patrickbaudrymirror\/wp-json\/wp\/v2\/pages\/955\/revisions\/966"}],"up":[{"embeddable":true,"href":"https:\/\/5ka.fr\/project\/patrickbaudrymirror\/wp-json\/wp\/v2\/pages\/926"}],"wp:attachment":[{"href":"https:\/\/5ka.fr\/project\/patrickbaudrymirror\/wp-json\/wp\/v2\/media?parent=955"}],"curies":[{"name":"wp","href":"https:\/\/api.w.org\/{rel}","templated":true}]}}