{"id":261,"date":"2020-05-28T00:34:42","date_gmt":"2020-05-27T22:34:42","guid":{"rendered":"https:\/\/5ka.fr\/project\/patrickbaudrymirror\/?page_id=261"},"modified":"2020-05-28T00:34:42","modified_gmt":"2020-05-27T22:34:42","slug":"patrick-aujourdhui","status":"publish","type":"page","link":"https:\/\/5ka.fr\/project\/patrickbaudrymirror\/bio\/biographie\/patrick-aujourdhui\/","title":{"rendered":"Patrick&#8230; aujourd&rsquo;hui"},"content":{"rendered":"<h3>2000 &#8211; 2009 : Retour au pr\u00e9sent<\/h3>\n<div id=\"attachment_263\" style=\"width: 310px\" class=\"wp-caption alignright\"><img aria-describedby=\"caption-attachment-263\" loading=\"lazy\" class=\"size-medium wp-image-263\" src=\"https:\/\/5ka.fr\/project\/patrickbaudrymirror\/wp-content\/uploads\/2020\/05\/1-patrick_baudry_aujourd_hui-300x225.jpg\" alt=\"\" width=\"300\" height=\"225\" srcset=\"https:\/\/5ka.fr\/project\/patrickbaudrymirror\/wp-content\/uploads\/2020\/05\/1-patrick_baudry_aujourd_hui-300x225.jpg 300w, https:\/\/5ka.fr\/project\/patrickbaudrymirror\/wp-content\/uploads\/2020\/05\/1-patrick_baudry_aujourd_hui-1024x768.jpg 1024w, https:\/\/5ka.fr\/project\/patrickbaudrymirror\/wp-content\/uploads\/2020\/05\/1-patrick_baudry_aujourd_hui-768x576.jpg 768w, https:\/\/5ka.fr\/project\/patrickbaudrymirror\/wp-content\/uploads\/2020\/05\/1-patrick_baudry_aujourd_hui.jpg 1280w\" sizes=\"(max-width: 300px) 100vw, 300px\" \/><p id=\"caption-attachment-263\" class=\"wp-caption-text\">OLYMPUS DIGITAL CAMERA<\/p><\/div>\n<h5>Patrick BAUDRY consultant<\/h5>\n<p>Patrick Baudry, en contact permanent avec ses amis Astronautes et Cosmonautes, ne reniant jamais ses origines de Pilote de combat, devient consultant priv\u00e9 en Activit\u00e9s Spatiales et A\u00e9ronautiques pour de grandes firmes russes ou am\u00e9ricaines, la France et l\u2019Europe ne s\u2019investissant toujours pas dans de grands projets de vols habit\u00e9s.<\/p>\n<h5>Patrick BAUDRY \u00e9crivain<\/h5>\n<p>Voulant \u00e9galement partager cette exp\u00e9rience unique qui fut la sienne, faisant partie du cercle tr\u00e8s ferm\u00e9 des quelque 500 Astronautes-Cosmonautes-Taikonautes et Spationautes terriens, Patrick BAUDRY se consacre de plus en plus aux OUVRAGES de TEMOIGNAGES et de REFLEXION ENGAGEE sur l\u2019\u00e9tat actuel de la Conqu\u00eate spatiale. Il n\u2019a jamais cess\u00e9 d\u2019\u00e9crire depuis 1982, avant m\u00eame de partir dans l\u2019Espace.<\/p>\n<p>Reconnu comme \u00e9crivain, il re\u00e7oit en Mars 2003 le GRAND PRIX Litt\u00e9raire de l\u2019ARDUA, (Association litt\u00e9raire bordelaise qui a prim\u00e9, avant lui, Bernard CLAVEL, Christine de RIVOYRE, Philippe LABRO, etc. ).<\/p>\n<p>En 2004, son \u0153uvre litt\u00e9raire fait l\u2019objet, \u00e0 la BIBLIOTHEQUE de BORDEAUX, d\u2019un COLLOQUE de deux journ\u00e9es d\u2019\u00e9tudes, colloque exclusivement r\u00e9serv\u00e9 \u00e0 des professionnels de la litt\u00e9rature.<\/p>\n<p>Ces derni\u00e8res ann\u00e9es, Patrick BAUDRY, notamment pour ses deux derniers ouvrages \u2013 Trois hommes dans l\u2019Espace et Carnet d\u2019un voyage spatial \u2013 est l\u2019invit\u00e9 r\u00e9p\u00e9t\u00e9 de nombreux Salons du Livre et manifestations litt\u00e9raires partout en France.<\/p>\n<h5>Patrick BAUDRY conf\u00e9rencier<\/h5>\n<p>Il donne, tant en France qu\u2019\u00e0 l\u2019Etranger de nombreuses conf\u00e9rences, b\u00e9n\u00e9voles pour les enfants, r\u00e9mun\u00e9r\u00e9es pour les particuliers et les entreprises sur son vol spatial. Il en profite pour valoriser les valeurs universelles et terriennes que sont la prise de risque, le sens de l\u2019engagement, le travail en \u00e9quipe, la gestion du management, en n\u2019oubliant jamais, toutefois, de sensibiliser le plus grand nombre \u2013 depuis longtemps maintenant &#8211; aux dangers climatiques et \u00e9nerg\u00e9tiques qu\u2019encourt notre berceau, la plan\u00e8te Terre.<\/p>\n","protected":false},"excerpt":{"rendered":"<p>2000 &#8211; 2009 : Retour au pr\u00e9sent Patrick BAUDRY consultant Patrick Baudry, en contact permanent avec ses amis Astronautes et Cosmonautes, ne reniant jamais ses origines de Pilote de combat, devient consultant priv\u00e9 en Activit\u00e9s Spatiales et A\u00e9ronautiques pour de grandes firmes russes ou am\u00e9ricaines, la France et l\u2019Europe ne s\u2019investissant toujours pas dans de [&hellip;]<\/p>\n","protected":false},"author":1,"featured_media":0,"parent":163,"menu_order":10,"comment_status":"closed","ping_status":"closed","template":"","meta":{"ngg_post_thumbnail":0},"_links":{"self":[{"href":"https:\/\/5ka.fr\/project\/patrickbaudrymirror\/wp-json\/wp\/v2\/pages\/261"}],"collection":[{"href":"https:\/\/5ka.fr\/project\/patrickbaudrymirror\/wp-json\/wp\/v2\/pages"}],"about":[{"href":"https:\/\/5ka.fr\/project\/patrickbaudrymirror\/wp-json\/wp\/v2\/types\/page"}],"author":[{"embeddable":true,"href":"https:\/\/5ka.fr\/project\/patrickbaudrymirror\/wp-json\/wp\/v2\/users\/1"}],"replies":[{"embeddable":true,"href":"https:\/\/5ka.fr\/project\/patrickbaudrymirror\/wp-json\/wp\/v2\/comments?post=261"}],"version-history":[{"count":2,"href":"https:\/\/5ka.fr\/project\/patrickbaudrymirror\/wp-json\/wp\/v2\/pages\/261\/revisions"}],"predecessor-version":[{"id":264,"href":"https:\/\/5ka.fr\/project\/patrickbaudrymirror\/wp-json\/wp\/v2\/pages\/261\/revisions\/264"}],"up":[{"embeddable":true,"href":"https:\/\/5ka.fr\/project\/patrickbaudrymirror\/wp-json\/wp\/v2\/pages\/163"}],"wp:attachment":[{"href":"https:\/\/5ka.fr\/project\/patrickbaudrymirror\/wp-json\/wp\/v2\/media?parent=261"}],"curies":[{"name":"wp","href":"https:\/\/api.w.org\/{rel}","templated":true}]}}