{"id":20,"date":"2020-05-26T23:45:03","date_gmt":"2020-05-26T21:45:03","guid":{"rendered":"https:\/\/5ka.fr\/project\/patrickbaudrymirror\/?page_id=20"},"modified":"2020-07-09T18:23:49","modified_gmt":"2020-07-09T16:23:49","slug":"themes-de-conference","status":"publish","type":"page","link":"https:\/\/5ka.fr\/project\/patrickbaudrymirror\/conferencier\/themes-de-conference\/","title":{"rendered":"Th\u00e8mes de conf\u00e9rence"},"content":{"rendered":"<h5>CHOISISSEZ VOTRE AVENTURE!<\/h5>\n<div style=\"width: 250px; float: right;\"><!-- default-view.php -->\n<div\n\tclass=\"ngg-galleryoverview default-view \"\n\tid=\"ngg-gallery-0428caaae336928718b856f4c2c403e1-1\">\n\n\t\t<!-- Thumbnails -->\n\t\t\t\t<div id=\"ngg-image-0\" class=\"ngg-gallery-thumbnail-box \" >\n\t\t\t\t        <div class=\"ngg-gallery-thumbnail\">\n            <a href=\"https:\/\/5ka.fr\/project\/patrickbaudrymirror\/wp-content\/gallery\/theme-de-conference\/01-lycee_francais_1.jpg\"\n               title=\"\"\n               data-src=\"https:\/\/5ka.fr\/project\/patrickbaudrymirror\/wp-content\/gallery\/theme-de-conference\/01-lycee_francais_1.jpg\"\n               data-thumbnail=\"https:\/\/5ka.fr\/project\/patrickbaudrymirror\/wp-content\/gallery\/theme-de-conference\/thumbs\/thumbs_01-lycee_francais_1.jpg\"\n               data-image-id=\"1\"\n               data-title=\"01-lycee_francais_1\"\n               data-description=\"\"\n               data-image-slug=\"01-lycee_francais_1\"\n               class=\"ngg-simplelightbox\" rel=\"0428caaae336928718b856f4c2c403e1\">\n                <img\n                    title=\"01-lycee_francais_1\"\n                    alt=\"01-lycee_francais_1\"\n                    src=\"https:\/\/5ka.fr\/project\/patrickbaudrymirror\/wp-content\/gallery\/theme-de-conference\/thumbs\/thumbs_01-lycee_francais_1.jpg\"\n                    width=\"240\"\n                    height=\"160\"\n                    style=\"max-width:100%;\"\n                \/>\n            <\/a>\n        <\/div>\n\t\t\t\t\t\t\t<\/div> \n\t\t\t\n\t\t\t\t<div id=\"ngg-image-1\" class=\"ngg-gallery-thumbnail-box \" >\n\t\t\t\t        <div class=\"ngg-gallery-thumbnail\">\n            <a href=\"https:\/\/5ka.fr\/project\/patrickbaudrymirror\/wp-content\/gallery\/theme-de-conference\/02-lycee_francais_2.jpg\"\n               title=\"\"\n               data-src=\"https:\/\/5ka.fr\/project\/patrickbaudrymirror\/wp-content\/gallery\/theme-de-conference\/02-lycee_francais_2.jpg\"\n               data-thumbnail=\"https:\/\/5ka.fr\/project\/patrickbaudrymirror\/wp-content\/gallery\/theme-de-conference\/thumbs\/thumbs_02-lycee_francais_2.jpg\"\n               data-image-id=\"2\"\n               data-title=\"02-lycee_francais_2\"\n               data-description=\"\"\n               data-image-slug=\"02-lycee_francais_2\"\n               class=\"ngg-simplelightbox\" rel=\"0428caaae336928718b856f4c2c403e1\">\n                <img\n                    title=\"02-lycee_francais_2\"\n                    alt=\"02-lycee_francais_2\"\n                    src=\"https:\/\/5ka.fr\/project\/patrickbaudrymirror\/wp-content\/gallery\/theme-de-conference\/thumbs\/thumbs_02-lycee_francais_2.jpg\"\n                    width=\"240\"\n                    height=\"160\"\n                    style=\"max-width:100%;\"\n                \/>\n            <\/a>\n        <\/div>\n\t\t\t\t\t\t\t<\/div> \n\t\t\t\n\t\n\t<br style=\"clear: both\" \/>\n\n\t\n\t\t<!-- Pagination -->\n\t<div class='ngg-clear'><\/div>\t<\/div>\n<\/div>\n<p>De son vol, Patrick BAUDRY a ramen\u00e9 \u00ab 7 jours entre Ciel et Terre \u00bb, 7 jours ancr\u00e9s dans sa m\u00e9moire et grav\u00e9s \u00e0 jamais sur DVD. 7 jours d\u2019images plus merveilleuses les unes que les autres, sur cette fabuleuse aventure de 7 compagnons d\u2019\u00e9quipage voguant dans l\u2019espace restreint d\u2019un vaisseau spatial, une cabine de navette accroch\u00e9e \u00e0 une orbite faisant le tour de la Terre 16 fois par jour. 7 jours d\u2019images inoubliables de notre plan\u00e8te, vue de l\u2019ext\u00e9rieur.<\/p>\n<p>Sur ce DVD, comme pendant ses Conf\u00e9rences, il revient en image et en mots, sur sa mission \u00e0 bord, et il d\u00e9taille la fa\u00e7on dont on vit dans l\u2019Espace, ce que l\u2019on y fait de scientifique et d\u2019utile. Il l\u00e8ve, pour vous, un coin du voile au sujet de la plus belle aventure humaine du XX\u00b0, et maintenant du XXI\u00b0 si\u00e8cle.<\/p>\n<p>M\u00ealant le commentaire du film, les r\u00e9flexions de tous ordres, un peu d\u2019humour aussi, Patrick BAUDRY met l\u2019espace-temps de sa conf\u00e9rence \u00e0 votre disposition pour d\u00e9livrer les messages sur lesquels vous vous serez accord\u00e9s au pr\u00e9alable. Ce ou ces messages seront, bien entendu, communs et n\u00e9cessaires \u00e0 la vie de la structure que vous portez ainsi que tout \u00e0 fait en accord avec l\u2019id\u00e9ologie qu\u2019il s\u2019est construite \u00e0 son retour sur Terre.<\/p>\n<p>Il profite de ce film pour vous parler de ce que chacun peut, lui aussi, faire d\u2019extraordinaire, de la mani\u00e8re dont, chaque jour, dans l\u2019entreprise comme dans la vie, tout homme peut d\u00e9cider de l\u2019importance de son travail, de sa mission, de son r\u00f4le \u00e0 jouer \u2013 et de s\u2019y investir du mieux qu\u2019il le peut. Ayant pour but de susciter une r\u00e9flexion, voire une remise en question, il adapte donc parfaitement l\u2019organisation de chacune de ses Conf\u00e9rences, chaque fois nouvelles, et construit \u2013 avec vous &#8211; un v\u00e9ritable sc\u00e9nario autour de ce que vous lui demanderez.<\/p>\n<p>Motivation, moteur, \u00e9nergie tourn\u00e9e vers l\u2019excellence ne masquent en rien les messages plus humanistes et m\u00e9taphysiques qu\u2019un vol dans l\u2019Espace fait surgir quand on a \u00e9t\u00e9 ce t\u00e9moin particulier. Vous pourrez donc vivre \u00e9galement un moment rare, en prenant conscience des probl\u00e8mes li\u00e9s \u00e0 l\u2019environnement et \u00e0 la survie de notre plan\u00e8te, ainsi qu\u2019aux conflits et \u00e0 l\u2019\u00e9ducation de nos enfants sous un angle neuf. Entrer dans l\u2019Univers de Patrick Baudry, c\u2019est p\u00e9n\u00e9trer dans un monde qui est le n\u00f4tre mais que nous ne voyons plus tel que nous le devrions !<\/p>\n<p>Voici donc l\u2019Aventure passionnante qu\u2019il vous propose :<\/p>\n<ul class=\"list_rounded\">\n<li>Th\u00e8me de conf\u00e9rence : <a href=\"https:\/\/5ka.fr\/project\/patrickbaudrymirror\/conferencier\/themes-de-conference\/humain-trop-humain\/\"><strong>Humain, trop humain<\/strong><\/a><\/li>\n<li>Th\u00e8me de conf\u00e9rence : <a href=\"https:\/\/5ka.fr\/project\/patrickbaudrymirror\/conferencier\/themes-de-conference\/entreprendre\/\"><strong>Entreprendre, savoir se d\u00e9passer en prenant des risques<\/strong><\/a><\/li>\n<li>Th\u00e8me de conf\u00e9rence : <a href=\"https:\/\/5ka.fr\/project\/patrickbaudrymirror\/conferencier\/themes-de-conference\/relancer-la-conquete\/\"><strong>Relancer la conqu\u00eate<\/strong><\/a><\/li>\n<li>Th\u00e8me de conf\u00e9rence : <a href=\"https:\/\/5ka.fr\/project\/patrickbaudrymirror\/conferencier\/themes-de-conference\/parvenir-a-lexcellence\/\"><strong>Parvenir \u00e0 l excellence en quelques pr\u00e9ceptes<\/strong><\/a><\/li>\n<li>Th\u00e8me de conf\u00e9rence : <a href=\"https:\/\/5ka.fr\/project\/patrickbaudrymirror\/conferencier\/themes-de-conference\/lhomme-et-lequipe\/\"><strong>L&rsquo;Homme et l&rsquo;Equipe<\/strong><\/a><\/li>\n<li>Th\u00e8me de conf\u00e9rence : <a href=\"https:\/\/5ka.fr\/project\/patrickbaudrymirror\/conferencier\/themes-de-conference\/la-recherche-medicale\/\"><strong>L&rsquo;espace et la recherche scientifique m\u00e9dicale<\/strong><\/a><\/li>\n<li>Th\u00e8me de conf\u00e9rence : <a href=\"https:\/\/5ka.fr\/project\/patrickbaudrymirror\/conferencier\/themes-de-conference\/une-planete-a-preserver\/\"><strong>Notre Terre, une plan\u00e8te \u00e0 pr\u00e9server<\/strong><\/a><\/li>\n<li>Th\u00e8me de conf\u00e9rence : <a href=\"https:\/\/5ka.fr\/project\/patrickbaudrymirror\/conferencier\/themes-de-conference\/vivre-un-vol-spatial\/\"><strong>Vivre un Vol Spatial et voir sa plan\u00e8te Terre de l\u2019ext\u00e9rieur<\/strong><\/a><\/li>\n<\/ul>\n","protected":false},"excerpt":{"rendered":"<p>CHOISISSEZ VOTRE AVENTURE! De son vol, Patrick BAUDRY a ramen\u00e9 \u00ab 7 jours entre Ciel et Terre \u00bb, 7 jours ancr\u00e9s dans sa m\u00e9moire et grav\u00e9s \u00e0 jamais sur DVD. 7 jours d\u2019images plus merveilleuses les unes que les autres, sur cette fabuleuse aventure de 7 compagnons d\u2019\u00e9quipage voguant dans l\u2019espace restreint d\u2019un vaisseau spatial, [&hellip;]<\/p>\n","protected":false},"author":1,"featured_media":0,"parent":16,"menu_order":0,"comment_status":"closed","ping_status":"closed","template":"","meta":{"ngg_post_thumbnail":0},"_links":{"self":[{"href":"https:\/\/5ka.fr\/project\/patrickbaudrymirror\/wp-json\/wp\/v2\/pages\/20"}],"collection":[{"href":"https:\/\/5ka.fr\/project\/patrickbaudrymirror\/wp-json\/wp\/v2\/pages"}],"about":[{"href":"https:\/\/5ka.fr\/project\/patrickbaudrymirror\/wp-json\/wp\/v2\/types\/page"}],"author":[{"embeddable":true,"href":"https:\/\/5ka.fr\/project\/patrickbaudrymirror\/wp-json\/wp\/v2\/users\/1"}],"replies":[{"embeddable":true,"href":"https:\/\/5ka.fr\/project\/patrickbaudrymirror\/wp-json\/wp\/v2\/comments?post=20"}],"version-history":[{"count":14,"href":"https:\/\/5ka.fr\/project\/patrickbaudrymirror\/wp-json\/wp\/v2\/pages\/20\/revisions"}],"predecessor-version":[{"id":1789,"href":"https:\/\/5ka.fr\/project\/patrickbaudrymirror\/wp-json\/wp\/v2\/pages\/20\/revisions\/1789"}],"up":[{"embeddable":true,"href":"https:\/\/5ka.fr\/project\/patrickbaudrymirror\/wp-json\/wp\/v2\/pages\/16"}],"wp:attachment":[{"href":"https:\/\/5ka.fr\/project\/patrickbaudrymirror\/wp-json\/wp\/v2\/media?parent=20"}],"curies":[{"name":"wp","href":"https:\/\/api.w.org\/{rel}","templated":true}]}}