{"id":1062,"date":"2020-06-29T11:31:52","date_gmt":"2020-06-29T09:31:52","guid":{"rendered":"https:\/\/5ka.fr\/project\/patrickbaudrymirror\/?page_id=1062"},"modified":"2021-05-14T14:45:45","modified_gmt":"2021-05-14T12:45:45","slug":"remise-des-dons","status":"publish","type":"page","link":"https:\/\/5ka.fr\/project\/patrickbaudrymirror\/le-concept\/2014-2\/remise-des-dons\/","title":{"rendered":"Remise des dons"},"content":{"rendered":"<p>Les gains du tour moto 2014 ont \u00e9t\u00e9 remis \u00e0 Marie-Helene N&rsquo;GUYEN pour ENFANTS CANCER SANTE par patrick et Stephanie Baudry en train de pr\u00e9parer deja la prochaine \u00e9dition!bises de nous deux.<\/p>\n<p><iframe loading=\"lazy\" width=\"620\" height=\"489\" src=\"https:\/\/www.youtube.com\/embed\/BGbo8mxy198\" title=\"YouTube video player\" frameborder=\"0\" allow=\"accelerometer; autoplay; clipboard-write; encrypted-media; gyroscope; picture-in-picture\" allowfullscreen=\"\"><\/iframe><\/p>\n<p><a href=\"http:\/\/www.enfants-cancers-sante.fr\/actualites\/article\/21-03-2015-ag-es-to-remise-ch-que-tour-moto-2014-patrick-baudry\">Liens vers l&rsquo;article<\/a><br><a href=\"https:\/\/www.facebook.com\/FederationEnfantsCancersSante\"><img loading=\"lazy\" style=\"box-shadow: none; float: left;\" src=\"http:\/\/icons.iconarchive.com\/icons\/yootheme\/social-bookmark\/512\/social-facebook-box-blue-icon.png\" width=\"20\" height=\"20\"> Enfants Cancers Sant\u00e9 sur facebook<\/a><\/p>\n<p><a href=\"https:\/\/5ka.fr\/project\/patrickbaudrymirror\/associations\/enfants-malades\/enfants-et-sante\/\">Patrick Baudry et L&rsquo;assocation Enfants, Cancers et Sant\u00e9<\/a><\/p>\n<!-- default-view.php -->\n<div\n\tclass=\"ngg-galleryoverview default-view \"\n\tid=\"ngg-gallery-4a568fa9214db2ec9fea66852b78c669-1\">\n\n\t\t<!-- Thumbnails -->\n\t\t\t\t<div id=\"ngg-image-0\" class=\"ngg-gallery-thumbnail-box \" >\n\t\t\t\t        <div class=\"ngg-gallery-thumbnail\">\n            <a href=\"https:\/\/5ka.fr\/project\/patrickbaudrymirror\/wp-content\/gallery\/tm2014-remise-des-dons\/actu_4AsAZDef.jpg\"\n               title=\"\"\n               data-src=\"https:\/\/5ka.fr\/project\/patrickbaudrymirror\/wp-content\/gallery\/tm2014-remise-des-dons\/actu_4AsAZDef.jpg\"\n               data-thumbnail=\"https:\/\/5ka.fr\/project\/patrickbaudrymirror\/wp-content\/gallery\/tm2014-remise-des-dons\/thumbs\/thumbs_actu_4AsAZDef.jpg\"\n               data-image-id=\"507\"\n               data-title=\"actu_4AsAZDef\"\n               data-description=\"\"\n               data-image-slug=\"actu_4asazdef\"\n               class=\"ngg-simplelightbox\" rel=\"4a568fa9214db2ec9fea66852b78c669\">\n                <img\n                    title=\"actu_4AsAZDef\"\n                    alt=\"actu_4AsAZDef\"\n                    src=\"https:\/\/5ka.fr\/project\/patrickbaudrymirror\/wp-content\/gallery\/tm2014-remise-des-dons\/thumbs\/thumbs_actu_4AsAZDef.jpg\"\n                    width=\"100\"\n                    height=\"75\"\n                    style=\"max-width:100%;\"\n                \/>\n            <\/a>\n        <\/div>\n\t\t\t\t\t\t\t<\/div> \n\t\t\t\n\t\t\t\t<div id=\"ngg-image-1\" class=\"ngg-gallery-thumbnail-box \" >\n\t\t\t\t        <div class=\"ngg-gallery-thumbnail\">\n            <a href=\"https:\/\/5ka.fr\/project\/patrickbaudrymirror\/wp-content\/gallery\/tm2014-remise-des-dons\/actu_5qEkuhGq.jpg\"\n               title=\"\"\n               data-src=\"https:\/\/5ka.fr\/project\/patrickbaudrymirror\/wp-content\/gallery\/tm2014-remise-des-dons\/actu_5qEkuhGq.jpg\"\n               data-thumbnail=\"https:\/\/5ka.fr\/project\/patrickbaudrymirror\/wp-content\/gallery\/tm2014-remise-des-dons\/thumbs\/thumbs_actu_5qEkuhGq.jpg\"\n               data-image-id=\"508\"\n               data-title=\"actu_5qEkuhGq\"\n               data-description=\"\"\n               data-image-slug=\"actu_5qekuhgq\"\n               class=\"ngg-simplelightbox\" rel=\"4a568fa9214db2ec9fea66852b78c669\">\n                <img\n                    title=\"actu_5qEkuhGq\"\n                    alt=\"actu_5qEkuhGq\"\n                    src=\"https:\/\/5ka.fr\/project\/patrickbaudrymirror\/wp-content\/gallery\/tm2014-remise-des-dons\/thumbs\/thumbs_actu_5qEkuhGq.jpg\"\n                    width=\"100\"\n                    height=\"75\"\n                    style=\"max-width:100%;\"\n                \/>\n            <\/a>\n        <\/div>\n\t\t\t\t\t\t\t<\/div> \n\t\t\t\n\t\t\t\t<div id=\"ngg-image-2\" class=\"ngg-gallery-thumbnail-box \" >\n\t\t\t\t        <div class=\"ngg-gallery-thumbnail\">\n            <a href=\"https:\/\/5ka.fr\/project\/patrickbaudrymirror\/wp-content\/gallery\/tm2014-remise-des-dons\/actu_8CHXd9eU.jpg\"\n               title=\"\"\n               data-src=\"https:\/\/5ka.fr\/project\/patrickbaudrymirror\/wp-content\/gallery\/tm2014-remise-des-dons\/actu_8CHXd9eU.jpg\"\n               data-thumbnail=\"https:\/\/5ka.fr\/project\/patrickbaudrymirror\/wp-content\/gallery\/tm2014-remise-des-dons\/thumbs\/thumbs_actu_8CHXd9eU.jpg\"\n               data-image-id=\"509\"\n               data-title=\"actu_8CHXd9eU\"\n               data-description=\"\"\n               data-image-slug=\"actu_8chxd9eu\"\n               class=\"ngg-simplelightbox\" rel=\"4a568fa9214db2ec9fea66852b78c669\">\n                <img\n                    title=\"actu_8CHXd9eU\"\n                    alt=\"actu_8CHXd9eU\"\n                    src=\"https:\/\/5ka.fr\/project\/patrickbaudrymirror\/wp-content\/gallery\/tm2014-remise-des-dons\/thumbs\/thumbs_actu_8CHXd9eU.jpg\"\n                    width=\"100\"\n                    height=\"75\"\n                    style=\"max-width:100%;\"\n                \/>\n            <\/a>\n        <\/div>\n\t\t\t\t\t\t\t<\/div> \n\t\t\t\n\t\t\t\t<div id=\"ngg-image-3\" class=\"ngg-gallery-thumbnail-box \" >\n\t\t\t\t        <div class=\"ngg-gallery-thumbnail\">\n            <a href=\"https:\/\/5ka.fr\/project\/patrickbaudrymirror\/wp-content\/gallery\/tm2014-remise-des-dons\/actu_8YNXpZwM.jpg\"\n               title=\"\"\n               data-src=\"https:\/\/5ka.fr\/project\/patrickbaudrymirror\/wp-content\/gallery\/tm2014-remise-des-dons\/actu_8YNXpZwM.jpg\"\n               data-thumbnail=\"https:\/\/5ka.fr\/project\/patrickbaudrymirror\/wp-content\/gallery\/tm2014-remise-des-dons\/thumbs\/thumbs_actu_8YNXpZwM.jpg\"\n               data-image-id=\"510\"\n               data-title=\"actu_8YNXpZwM\"\n               data-description=\"\"\n               data-image-slug=\"actu_8ynxpzwm\"\n               class=\"ngg-simplelightbox\" rel=\"4a568fa9214db2ec9fea66852b78c669\">\n                <img\n                    title=\"actu_8YNXpZwM\"\n                    alt=\"actu_8YNXpZwM\"\n                    src=\"https:\/\/5ka.fr\/project\/patrickbaudrymirror\/wp-content\/gallery\/tm2014-remise-des-dons\/thumbs\/thumbs_actu_8YNXpZwM.jpg\"\n                    width=\"100\"\n                    height=\"75\"\n                    style=\"max-width:100%;\"\n                \/>\n            <\/a>\n        <\/div>\n\t\t\t\t\t\t\t<\/div> \n\t\t\t\n\t\t\t\t<div id=\"ngg-image-4\" class=\"ngg-gallery-thumbnail-box \" >\n\t\t\t\t        <div class=\"ngg-gallery-thumbnail\">\n            <a href=\"https:\/\/5ka.fr\/project\/patrickbaudrymirror\/wp-content\/gallery\/tm2014-remise-des-dons\/actu_ay7kFBQG.jpg\"\n               title=\"\"\n               data-src=\"https:\/\/5ka.fr\/project\/patrickbaudrymirror\/wp-content\/gallery\/tm2014-remise-des-dons\/actu_ay7kFBQG.jpg\"\n               data-thumbnail=\"https:\/\/5ka.fr\/project\/patrickbaudrymirror\/wp-content\/gallery\/tm2014-remise-des-dons\/thumbs\/thumbs_actu_ay7kFBQG.jpg\"\n               data-image-id=\"511\"\n               data-title=\"actu_ay7kFBQG\"\n               data-description=\"\"\n               data-image-slug=\"actu_ay7kfbqg\"\n               class=\"ngg-simplelightbox\" rel=\"4a568fa9214db2ec9fea66852b78c669\">\n                <img\n                    title=\"actu_ay7kFBQG\"\n                    alt=\"actu_ay7kFBQG\"\n                    src=\"https:\/\/5ka.fr\/project\/patrickbaudrymirror\/wp-content\/gallery\/tm2014-remise-des-dons\/thumbs\/thumbs_actu_ay7kFBQG.jpg\"\n                    width=\"100\"\n                    height=\"75\"\n                    style=\"max-width:100%;\"\n                \/>\n            <\/a>\n        <\/div>\n\t\t\t\t\t\t\t<\/div> \n\t\t\t\n\t\t\t\t<div id=\"ngg-image-5\" class=\"ngg-gallery-thumbnail-box \" >\n\t\t\t\t        <div class=\"ngg-gallery-thumbnail\">\n            <a href=\"https:\/\/5ka.fr\/project\/patrickbaudrymirror\/wp-content\/gallery\/tm2014-remise-des-dons\/actu_B23XUur4.jpg\"\n               title=\"\"\n               data-src=\"https:\/\/5ka.fr\/project\/patrickbaudrymirror\/wp-content\/gallery\/tm2014-remise-des-dons\/actu_B23XUur4.jpg\"\n               data-thumbnail=\"https:\/\/5ka.fr\/project\/patrickbaudrymirror\/wp-content\/gallery\/tm2014-remise-des-dons\/thumbs\/thumbs_actu_B23XUur4.jpg\"\n               data-image-id=\"512\"\n               data-title=\"actu_B23XUur4\"\n               data-description=\"\"\n               data-image-slug=\"actu_b23xuur4\"\n               class=\"ngg-simplelightbox\" rel=\"4a568fa9214db2ec9fea66852b78c669\">\n                <img\n                    title=\"actu_B23XUur4\"\n                    alt=\"actu_B23XUur4\"\n                    src=\"https:\/\/5ka.fr\/project\/patrickbaudrymirror\/wp-content\/gallery\/tm2014-remise-des-dons\/thumbs\/thumbs_actu_B23XUur4.jpg\"\n                    width=\"100\"\n                    height=\"75\"\n                    style=\"max-width:100%;\"\n                \/>\n            <\/a>\n        <\/div>\n\t\t\t\t\t\t\t<\/div> \n\t\t\t\n\t\t\t\t<div id=\"ngg-image-6\" class=\"ngg-gallery-thumbnail-box \" >\n\t\t\t\t        <div class=\"ngg-gallery-thumbnail\">\n            <a href=\"https:\/\/5ka.fr\/project\/patrickbaudrymirror\/wp-content\/gallery\/tm2014-remise-des-dons\/actu_FrPzmY7a.jpg\"\n               title=\"\"\n               data-src=\"https:\/\/5ka.fr\/project\/patrickbaudrymirror\/wp-content\/gallery\/tm2014-remise-des-dons\/actu_FrPzmY7a.jpg\"\n               data-thumbnail=\"https:\/\/5ka.fr\/project\/patrickbaudrymirror\/wp-content\/gallery\/tm2014-remise-des-dons\/thumbs\/thumbs_actu_FrPzmY7a.jpg\"\n               data-image-id=\"513\"\n               data-title=\"actu_FrPzmY7a\"\n               data-description=\"\"\n               data-image-slug=\"actu_frpzmy7a\"\n               class=\"ngg-simplelightbox\" rel=\"4a568fa9214db2ec9fea66852b78c669\">\n                <img\n                    title=\"actu_FrPzmY7a\"\n                    alt=\"actu_FrPzmY7a\"\n                    src=\"https:\/\/5ka.fr\/project\/patrickbaudrymirror\/wp-content\/gallery\/tm2014-remise-des-dons\/thumbs\/thumbs_actu_FrPzmY7a.jpg\"\n                    width=\"100\"\n                    height=\"75\"\n                    style=\"max-width:100%;\"\n                \/>\n            <\/a>\n        <\/div>\n\t\t\t\t\t\t\t<\/div> \n\t\t\t\n\t\t\t\t<div id=\"ngg-image-7\" class=\"ngg-gallery-thumbnail-box \" >\n\t\t\t\t        <div class=\"ngg-gallery-thumbnail\">\n            <a href=\"https:\/\/5ka.fr\/project\/patrickbaudrymirror\/wp-content\/gallery\/tm2014-remise-des-dons\/actu_hKsdMQJd.jpg\"\n               title=\"\"\n               data-src=\"https:\/\/5ka.fr\/project\/patrickbaudrymirror\/wp-content\/gallery\/tm2014-remise-des-dons\/actu_hKsdMQJd.jpg\"\n               data-thumbnail=\"https:\/\/5ka.fr\/project\/patrickbaudrymirror\/wp-content\/gallery\/tm2014-remise-des-dons\/thumbs\/thumbs_actu_hKsdMQJd.jpg\"\n               data-image-id=\"514\"\n               data-title=\"actu_hKsdMQJd\"\n               data-description=\"\"\n               data-image-slug=\"actu_hksdmqjd\"\n               class=\"ngg-simplelightbox\" rel=\"4a568fa9214db2ec9fea66852b78c669\">\n                <img\n                    title=\"actu_hKsdMQJd\"\n                    alt=\"actu_hKsdMQJd\"\n                    src=\"https:\/\/5ka.fr\/project\/patrickbaudrymirror\/wp-content\/gallery\/tm2014-remise-des-dons\/thumbs\/thumbs_actu_hKsdMQJd.jpg\"\n                    width=\"100\"\n                    height=\"75\"\n                    style=\"max-width:100%;\"\n                \/>\n            <\/a>\n        <\/div>\n\t\t\t\t\t\t\t<\/div> \n\t\t\t\n\t\t\t\t<div id=\"ngg-image-8\" class=\"ngg-gallery-thumbnail-box \" >\n\t\t\t\t        <div class=\"ngg-gallery-thumbnail\">\n            <a href=\"https:\/\/5ka.fr\/project\/patrickbaudrymirror\/wp-content\/gallery\/tm2014-remise-des-dons\/actu_k333V3z7.jpg\"\n               title=\"\"\n               data-src=\"https:\/\/5ka.fr\/project\/patrickbaudrymirror\/wp-content\/gallery\/tm2014-remise-des-dons\/actu_k333V3z7.jpg\"\n               data-thumbnail=\"https:\/\/5ka.fr\/project\/patrickbaudrymirror\/wp-content\/gallery\/tm2014-remise-des-dons\/thumbs\/thumbs_actu_k333V3z7.jpg\"\n               data-image-id=\"515\"\n               data-title=\"actu_k333V3z7\"\n               data-description=\"\"\n               data-image-slug=\"actu_k333v3z7\"\n               class=\"ngg-simplelightbox\" rel=\"4a568fa9214db2ec9fea66852b78c669\">\n                <img\n                    title=\"actu_k333V3z7\"\n                    alt=\"actu_k333V3z7\"\n                    src=\"https:\/\/5ka.fr\/project\/patrickbaudrymirror\/wp-content\/gallery\/tm2014-remise-des-dons\/thumbs\/thumbs_actu_k333V3z7.jpg\"\n                    width=\"100\"\n                    height=\"75\"\n                    style=\"max-width:100%;\"\n                \/>\n            <\/a>\n        <\/div>\n\t\t\t\t\t\t\t<\/div> \n\t\t\t\n\t\t\t\t<div id=\"ngg-image-9\" class=\"ngg-gallery-thumbnail-box \" >\n\t\t\t\t        <div class=\"ngg-gallery-thumbnail\">\n            <a href=\"https:\/\/5ka.fr\/project\/patrickbaudrymirror\/wp-content\/gallery\/tm2014-remise-des-dons\/actu_RWFD8juH.jpg\"\n               title=\"\"\n               data-src=\"https:\/\/5ka.fr\/project\/patrickbaudrymirror\/wp-content\/gallery\/tm2014-remise-des-dons\/actu_RWFD8juH.jpg\"\n               data-thumbnail=\"https:\/\/5ka.fr\/project\/patrickbaudrymirror\/wp-content\/gallery\/tm2014-remise-des-dons\/thumbs\/thumbs_actu_RWFD8juH.jpg\"\n               data-image-id=\"516\"\n               data-title=\"actu_RWFD8juH\"\n               data-description=\"\"\n               data-image-slug=\"actu_rwfd8juh\"\n               class=\"ngg-simplelightbox\" rel=\"4a568fa9214db2ec9fea66852b78c669\">\n                <img\n                    title=\"actu_RWFD8juH\"\n                    alt=\"actu_RWFD8juH\"\n                    src=\"https:\/\/5ka.fr\/project\/patrickbaudrymirror\/wp-content\/gallery\/tm2014-remise-des-dons\/thumbs\/thumbs_actu_RWFD8juH.jpg\"\n                    width=\"100\"\n                    height=\"75\"\n                    style=\"max-width:100%;\"\n                \/>\n            <\/a>\n        <\/div>\n\t\t\t\t\t\t\t<\/div> \n\t\t\t\n\t\t\t\t<div id=\"ngg-image-10\" class=\"ngg-gallery-thumbnail-box \" >\n\t\t\t\t        <div class=\"ngg-gallery-thumbnail\">\n            <a href=\"https:\/\/5ka.fr\/project\/patrickbaudrymirror\/wp-content\/gallery\/tm2014-remise-des-dons\/actu_SfeCGcm9.jpg\"\n               title=\"\"\n               data-src=\"https:\/\/5ka.fr\/project\/patrickbaudrymirror\/wp-content\/gallery\/tm2014-remise-des-dons\/actu_SfeCGcm9.jpg\"\n               data-thumbnail=\"https:\/\/5ka.fr\/project\/patrickbaudrymirror\/wp-content\/gallery\/tm2014-remise-des-dons\/thumbs\/thumbs_actu_SfeCGcm9.jpg\"\n               data-image-id=\"517\"\n               data-title=\"actu_SfeCGcm9\"\n               data-description=\"\"\n               data-image-slug=\"actu_sfecgcm9\"\n               class=\"ngg-simplelightbox\" rel=\"4a568fa9214db2ec9fea66852b78c669\">\n                <img\n                    title=\"actu_SfeCGcm9\"\n                    alt=\"actu_SfeCGcm9\"\n                    src=\"https:\/\/5ka.fr\/project\/patrickbaudrymirror\/wp-content\/gallery\/tm2014-remise-des-dons\/thumbs\/thumbs_actu_SfeCGcm9.jpg\"\n                    width=\"100\"\n                    height=\"75\"\n                    style=\"max-width:100%;\"\n                \/>\n            <\/a>\n        <\/div>\n\t\t\t\t\t\t\t<\/div> \n\t\t\t\n\t\t\t\t<div id=\"ngg-image-11\" class=\"ngg-gallery-thumbnail-box \" >\n\t\t\t\t        <div class=\"ngg-gallery-thumbnail\">\n            <a href=\"https:\/\/5ka.fr\/project\/patrickbaudrymirror\/wp-content\/gallery\/tm2014-remise-des-dons\/actu_TxmCajjZ.jpg\"\n               title=\"\"\n               data-src=\"https:\/\/5ka.fr\/project\/patrickbaudrymirror\/wp-content\/gallery\/tm2014-remise-des-dons\/actu_TxmCajjZ.jpg\"\n               data-thumbnail=\"https:\/\/5ka.fr\/project\/patrickbaudrymirror\/wp-content\/gallery\/tm2014-remise-des-dons\/thumbs\/thumbs_actu_TxmCajjZ.jpg\"\n               data-image-id=\"518\"\n               data-title=\"actu_TxmCajjZ\"\n               data-description=\"\"\n               data-image-slug=\"actu_txmcajjz\"\n               class=\"ngg-simplelightbox\" rel=\"4a568fa9214db2ec9fea66852b78c669\">\n                <img\n                    title=\"actu_TxmCajjZ\"\n                    alt=\"actu_TxmCajjZ\"\n                    src=\"https:\/\/5ka.fr\/project\/patrickbaudrymirror\/wp-content\/gallery\/tm2014-remise-des-dons\/thumbs\/thumbs_actu_TxmCajjZ.jpg\"\n                    width=\"100\"\n                    height=\"75\"\n                    style=\"max-width:100%;\"\n                \/>\n            <\/a>\n        <\/div>\n\t\t\t\t\t\t\t<\/div> \n\t\t\t\n\t\t\t\t<div id=\"ngg-image-12\" class=\"ngg-gallery-thumbnail-box \" >\n\t\t\t\t        <div class=\"ngg-gallery-thumbnail\">\n            <a href=\"https:\/\/5ka.fr\/project\/patrickbaudrymirror\/wp-content\/gallery\/tm2014-remise-des-dons\/actu_vWWYythZ.jpg\"\n               title=\"\"\n               data-src=\"https:\/\/5ka.fr\/project\/patrickbaudrymirror\/wp-content\/gallery\/tm2014-remise-des-dons\/actu_vWWYythZ.jpg\"\n               data-thumbnail=\"https:\/\/5ka.fr\/project\/patrickbaudrymirror\/wp-content\/gallery\/tm2014-remise-des-dons\/thumbs\/thumbs_actu_vWWYythZ.jpg\"\n               data-image-id=\"519\"\n               data-title=\"actu_vWWYythZ\"\n               data-description=\"\"\n               data-image-slug=\"actu_vwwyythz\"\n               class=\"ngg-simplelightbox\" rel=\"4a568fa9214db2ec9fea66852b78c669\">\n                <img\n                    title=\"actu_vWWYythZ\"\n                    alt=\"actu_vWWYythZ\"\n                    src=\"https:\/\/5ka.fr\/project\/patrickbaudrymirror\/wp-content\/gallery\/tm2014-remise-des-dons\/thumbs\/thumbs_actu_vWWYythZ.jpg\"\n                    width=\"100\"\n                    height=\"75\"\n                    style=\"max-width:100%;\"\n                \/>\n            <\/a>\n        <\/div>\n\t\t\t\t\t\t\t<\/div> \n\t\t\t\n\t\t\t\t<div id=\"ngg-image-13\" class=\"ngg-gallery-thumbnail-box \" >\n\t\t\t\t        <div class=\"ngg-gallery-thumbnail\">\n            <a href=\"https:\/\/5ka.fr\/project\/patrickbaudrymirror\/wp-content\/gallery\/tm2014-remise-des-dons\/actu_WpSzrmzd.jpg\"\n               title=\"\"\n               data-src=\"https:\/\/5ka.fr\/project\/patrickbaudrymirror\/wp-content\/gallery\/tm2014-remise-des-dons\/actu_WpSzrmzd.jpg\"\n               data-thumbnail=\"https:\/\/5ka.fr\/project\/patrickbaudrymirror\/wp-content\/gallery\/tm2014-remise-des-dons\/thumbs\/thumbs_actu_WpSzrmzd.jpg\"\n               data-image-id=\"520\"\n               data-title=\"actu_WpSzrmzd\"\n               data-description=\"\"\n               data-image-slug=\"actu_wpszrmzd\"\n               class=\"ngg-simplelightbox\" rel=\"4a568fa9214db2ec9fea66852b78c669\">\n                <img\n                    title=\"actu_WpSzrmzd\"\n                    alt=\"actu_WpSzrmzd\"\n                    src=\"https:\/\/5ka.fr\/project\/patrickbaudrymirror\/wp-content\/gallery\/tm2014-remise-des-dons\/thumbs\/thumbs_actu_WpSzrmzd.jpg\"\n                    width=\"100\"\n                    height=\"75\"\n                    style=\"max-width:100%;\"\n                \/>\n            <\/a>\n        <\/div>\n\t\t\t\t\t\t\t<\/div> \n\t\t\t\n\t\t\t\t<div id=\"ngg-image-14\" class=\"ngg-gallery-thumbnail-box \" >\n\t\t\t\t        <div class=\"ngg-gallery-thumbnail\">\n            <a href=\"https:\/\/5ka.fr\/project\/patrickbaudrymirror\/wp-content\/gallery\/tm2014-remise-des-dons\/actu_Ze2zMucc.jpg\"\n               title=\"\"\n               data-src=\"https:\/\/5ka.fr\/project\/patrickbaudrymirror\/wp-content\/gallery\/tm2014-remise-des-dons\/actu_Ze2zMucc.jpg\"\n               data-thumbnail=\"https:\/\/5ka.fr\/project\/patrickbaudrymirror\/wp-content\/gallery\/tm2014-remise-des-dons\/thumbs\/thumbs_actu_Ze2zMucc.jpg\"\n               data-image-id=\"521\"\n               data-title=\"actu_Ze2zMucc\"\n               data-description=\"\"\n               data-image-slug=\"actu_ze2zmucc\"\n               class=\"ngg-simplelightbox\" rel=\"4a568fa9214db2ec9fea66852b78c669\">\n                <img\n                    title=\"actu_Ze2zMucc\"\n                    alt=\"actu_Ze2zMucc\"\n                    src=\"https:\/\/5ka.fr\/project\/patrickbaudrymirror\/wp-content\/gallery\/tm2014-remise-des-dons\/thumbs\/thumbs_actu_Ze2zMucc.jpg\"\n                    width=\"100\"\n                    height=\"75\"\n                    style=\"max-width:100%;\"\n                \/>\n            <\/a>\n        <\/div>\n\t\t\t\t\t\t\t<\/div> \n\t\t\t\n\t\n\t<br style=\"clear: both\" \/>\n\n\t\n\t\t<!-- Pagination -->\n\t<div class='ngg-clear'><\/div>\t<\/div>\n\n<p><a href=\"https:\/\/5ka.fr\/project\/patrickbaudrymirror\/wp-content\/uploads\/2020\/06\/Attachment-1.jpg\"><img loading=\"lazy\" class=\"aligncenter size-medium wp-image-1064\" src=\"https:\/\/5ka.fr\/project\/patrickbaudrymirror\/wp-content\/uploads\/2020\/06\/Attachment-1-257x300.jpg\" alt=\"\" width=\"257\" height=\"300\" srcset=\"https:\/\/5ka.fr\/project\/patrickbaudrymirror\/wp-content\/uploads\/2020\/06\/Attachment-1-257x300.jpg 257w, https:\/\/5ka.fr\/project\/patrickbaudrymirror\/wp-content\/uploads\/2020\/06\/Attachment-1.jpg 764w\" sizes=\"(max-width: 257px) 100vw, 257px\" \/><\/a><\/p>\n\n\n<p><\/p>\n","protected":false},"excerpt":{"rendered":"<p>Les gains du tour moto 2014 ont \u00e9t\u00e9 remis \u00e0 Marie-Helene N&rsquo;GUYEN pour ENFANTS CANCER SANTE par patrick et Stephanie Baudry en train de pr\u00e9parer deja la prochaine \u00e9dition!bises de nous deux. Liens vers l&rsquo;article Enfants Cancers Sant\u00e9 sur facebook Patrick Baudry et L&rsquo;assocation Enfants, Cancers et Sant\u00e9<\/p>\n","protected":false},"author":1,"featured_media":0,"parent":1042,"menu_order":3,"comment_status":"closed","ping_status":"closed","template":"","meta":{"ngg_post_thumbnail":0},"_links":{"self":[{"href":"https:\/\/5ka.fr\/project\/patrickbaudrymirror\/wp-json\/wp\/v2\/pages\/1062"}],"collection":[{"href":"https:\/\/5ka.fr\/project\/patrickbaudrymirror\/wp-json\/wp\/v2\/pages"}],"about":[{"href":"https:\/\/5ka.fr\/project\/patrickbaudrymirror\/wp-json\/wp\/v2\/types\/page"}],"author":[{"embeddable":true,"href":"https:\/\/5ka.fr\/project\/patrickbaudrymirror\/wp-json\/wp\/v2\/users\/1"}],"replies":[{"embeddable":true,"href":"https:\/\/5ka.fr\/project\/patrickbaudrymirror\/wp-json\/wp\/v2\/comments?post=1062"}],"version-history":[{"count":4,"href":"https:\/\/5ka.fr\/project\/patrickbaudrymirror\/wp-json\/wp\/v2\/pages\/1062\/revisions"}],"predecessor-version":[{"id":1848,"href":"https:\/\/5ka.fr\/project\/patrickbaudrymirror\/wp-json\/wp\/v2\/pages\/1062\/revisions\/1848"}],"up":[{"embeddable":true,"href":"https:\/\/5ka.fr\/project\/patrickbaudrymirror\/wp-json\/wp\/v2\/pages\/1042"}],"wp:attachment":[{"href":"https:\/\/5ka.fr\/project\/patrickbaudrymirror\/wp-json\/wp\/v2\/media?parent=1062"}],"curies":[{"name":"wp","href":"https:\/\/api.w.org\/{rel}","templated":true}]}}