{"id":103,"date":"2020-05-27T02:23:26","date_gmt":"2020-05-27T00:23:26","guid":{"rendered":"https:\/\/5ka.fr\/project\/patrickbaudrymirror\/?page_id=103"},"modified":"2020-05-27T02:24:31","modified_gmt":"2020-05-27T00:24:31","slug":"vivre-un-vol-spatial","status":"publish","type":"page","link":"https:\/\/5ka.fr\/project\/patrickbaudrymirror\/conferencier\/themes-de-conference\/vivre-un-vol-spatial\/","title":{"rendered":"Vivre un vol spatial"},"content":{"rendered":"<h3>Vivre un vol spatial et voir sa plan\u00e8te Terre de l\u2019ext\u00e9rieur<\/h3>\n<p>Aller dans l\u2019espace est avant tout un r\u00eave magnifique. Une pulsion irr\u00e9sistible qui dirige une vie jusqu\u2019\u00e0 ce que l\u2019on prenne place \u00e0 bord d\u2019un vaisseau spatial. En moins de 9 minutes, l\u2019homme est propuls\u00e9 hors de son monde, de sa plan\u00e8te natale, pour atteindre un environnement autre, inconnu, dangereux, \u00e9tonnant, envo\u00fbtant. Neuf minuscules minutes de r\u00eave, magiques, intenses, inoubliables&#8230;<\/p>\n<blockquote><p>Mais comment vit-on l\u2019attente ?<\/p><\/blockquote>\n<blockquote><p>Que ressent-on au moment du d\u00e9collage ?<\/p><\/blockquote>\n<p>Aller dans l\u2019Espace, c\u2019est trouver une r\u00e9alit\u00e9 plus belle encore que celle de toutes nos attentes. Le spectacle en orbite est extraordinairement beau et majestueux. La Terre resplendit d\u2019une puissance \u00e9motionnelle intense. Perdue au milieu d\u2019un univers d\u2019un noir absolu, sa beaut\u00e9 est \u00e0 la fois magnifique et fragile. C\u2019est un enchantement perp\u00e9tuel que de la contempler.<\/p>\n<blockquote><p>Que voit-on dans l\u2019espace ?<\/p><\/blockquote>\n<blockquote><p>\u00c0 quoi pense-t-on ?<\/p><\/blockquote>\n<blockquote><p>Que se passe-t-il \u00e0 l\u2019int\u00e9rieur d\u2019une navette ?<\/p><\/blockquote>\n<p>C\u2019est \u00e0 travers 6 th\u00e8mes \u2013 l\u2019\u00e9nergie, la solitude, le risque, le temps, les sens et la lumi\u00e8re \u2013 que Patrick Baudry, c\u00e9l\u00e8bre spationaute fran\u00e7ais, nous livre ici ses r\u00e9flexions et impressions dues, en partie, \u00e0 cette vision si particuli\u00e8re et privil\u00e9gi\u00e9e de la Terre vue de l\u2019ext\u00e9rieur. Tant de beaut\u00e9, de nuances, de paysages somptueux qui ravissent les yeux et l\u2019esprit et marquent toute une vie !<\/p>\n<p>Car, Nous sommes tous passagers du m\u00eame vaisseau : Chaque homme, chaque femme qui a contempl\u00e9 depuis l\u2019espace l\u2019aur\u00e9ole d\u00e9licate d\u2019un atoll ou les flammes fulgurantes des \u00e9clairs d\u2019un orage n\u2019a pu se retenir de penser : \u201cC\u2019est chez moi, ici, c\u2019est ma maison \u201d. Et l\u00e0, au diable les fronti\u00e8res, les r\u00e9gimes politiques, les petitesses humaines : la Terre est une, n\u2019ayant pour limite que la d\u00e9licate rotondit\u00e9 de sa surface, riche de montagnes et de profondeurs abyssales, portant ses millions d\u2019esp\u00e8ces vivantes comme un vaisseau spatial&#8230; ou une arche de No\u00eb. Konstantin Tsiolkovski, le grand pr\u00e9curseur de l\u2019astronautique russe, \u00e9crivait \u00e0 la fin du XIXe si\u00e8cle (d\u00e9j\u00e0 !) : \u201cLa Terre est le berceau de l\u2019humanit\u00e9, mais on ne passe pas toute sa vie dans son berceau\u201d.<\/p>\n<p>Plus vite, plus haut, plus loin : l\u2019homme a h\u00e2te d\u2019explorer la troisi\u00e8me dimension, celle qui l\u2019a d\u00e9j\u00e0 men\u00e9 sur la Lune et qui, un jour prochain, le poussera \u00e0 poser le pied sur le sol de Mars, la plan\u00e8te rouge. A 80 millions de kilom\u00e8tres, cet astre qui porte ardemment le nom du dieu de la guerre, est un monde sinistr\u00e9. Les images transmises par les derni\u00e8res sondes martiennes montrent une plan\u00e8te pourvue d\u2019une atmosph\u00e8re tr\u00e8s t\u00e9nue, \u00e0 la surface ravag\u00e9e par les m\u00e9t\u00e9orites et qui a connu, il y a des millions d\u2019ann\u00e9es, une activit\u00e9 g\u00e9ologique assez puissante pour produire un volcan de 12 km de haut !<\/p>\n<p>Vous avez r\u00eav\u00e9 un peu en lisant ses lignes, \u00e0 vous de continuer le r\u00eave et de la partager avec les v\u00f4tres et avec Patrick Baudry : en sons et en images !<\/p>\n<p>Voir sa plan\u00e8te de l\u2019ext\u00e9rieur l\u2019a \u00e9galement convaincu, qu\u2019\u00e0 l\u2019heure o\u00f9 tant de gens s\u2019entretuent encore, toute forme de conflit est nocive.<\/p>\n","protected":false},"excerpt":{"rendered":"<p>Vivre un vol spatial et voir sa plan\u00e8te Terre de l\u2019ext\u00e9rieur Aller dans l\u2019espace est avant tout un r\u00eave magnifique. Une pulsion irr\u00e9sistible qui dirige une vie jusqu\u2019\u00e0 ce que l\u2019on prenne place \u00e0 bord d\u2019un vaisseau spatial. En moins de 9 minutes, l\u2019homme est propuls\u00e9 hors de son monde, de sa plan\u00e8te natale, pour [&hellip;]<\/p>\n","protected":false},"author":1,"featured_media":0,"parent":20,"menu_order":8,"comment_status":"closed","ping_status":"closed","template":"","meta":{"ngg_post_thumbnail":0},"_links":{"self":[{"href":"https:\/\/5ka.fr\/project\/patrickbaudrymirror\/wp-json\/wp\/v2\/pages\/103"}],"collection":[{"href":"https:\/\/5ka.fr\/project\/patrickbaudrymirror\/wp-json\/wp\/v2\/pages"}],"about":[{"href":"https:\/\/5ka.fr\/project\/patrickbaudrymirror\/wp-json\/wp\/v2\/types\/page"}],"author":[{"embeddable":true,"href":"https:\/\/5ka.fr\/project\/patrickbaudrymirror\/wp-json\/wp\/v2\/users\/1"}],"replies":[{"embeddable":true,"href":"https:\/\/5ka.fr\/project\/patrickbaudrymirror\/wp-json\/wp\/v2\/comments?post=103"}],"version-history":[{"count":2,"href":"https:\/\/5ka.fr\/project\/patrickbaudrymirror\/wp-json\/wp\/v2\/pages\/103\/revisions"}],"predecessor-version":[{"id":105,"href":"https:\/\/5ka.fr\/project\/patrickbaudrymirror\/wp-json\/wp\/v2\/pages\/103\/revisions\/105"}],"up":[{"embeddable":true,"href":"https:\/\/5ka.fr\/project\/patrickbaudrymirror\/wp-json\/wp\/v2\/pages\/20"}],"wp:attachment":[{"href":"https:\/\/5ka.fr\/project\/patrickbaudrymirror\/wp-json\/wp\/v2\/media?parent=103"}],"curies":[{"name":"wp","href":"https:\/\/api.w.org\/{rel}","templated":true}]}}